CRAN Package Check Results for Package BinaryDosage

Last updated on 2022-05-24 06:50:35 CEST.

Flavor Version Tinstall Tcheck Ttotal Status Flags
r-devel-linux-x86_64-debian-clang 1.0.0 42.35 110.52 152.87 NOTE
r-devel-linux-x86_64-debian-gcc 1.0.0 36.39 83.13 119.52 NOTE
r-devel-linux-x86_64-fedora-clang 1.0.0 200.22 NOTE
r-devel-linux-x86_64-fedora-gcc 1.0.0 199.95 NOTE
r-devel-windows-x86_64 1.0.0 92.00 160.00 252.00 NOTE
r-patched-linux-x86_64 1.0.0 43.52 104.77 148.29 NOTE
r-release-linux-x86_64 1.0.0 NOTE
r-release-macos-arm64 1.0.0 54.00 NOTE
r-release-macos-x86_64 1.0.0 98.00 NOTE
r-release-windows-x86_64 1.0.0 87.00 156.00 243.00 NOTE
r-oldrel-macos-arm64 1.0.0 68.00 NOTE
r-oldrel-macos-x86_64 1.0.0 127.00 NOTE
r-oldrel-windows-ix86+x86_64 1.0.0 106.00 185.00 291.00 NOTE

Check Details

Version: 1.0.0
Check: LazyData
Result: NOTE
     'LazyData' is specified without a 'data' directory
Flavors: r-devel-linux-x86_64-debian-clang, r-devel-linux-x86_64-debian-gcc, r-devel-linux-x86_64-fedora-clang, r-devel-linux-x86_64-fedora-gcc, r-devel-windows-x86_64, r-patched-linux-x86_64, r-release-linux-x86_64, r-release-macos-arm64, r-release-macos-x86_64, r-release-windows-x86_64, r-oldrel-macos-arm64, r-oldrel-macos-x86_64, r-oldrel-windows-ix86+x86_64