Last updated on 2023-01-28 19:52:09 CET.
Flavor | Version | Tinstall | Tcheck | Ttotal | Status | Flags |
---|---|---|---|---|---|---|
r-devel-linux-x86_64-debian-clang | 1.1.0 | 2.70 | 36.26 | 38.96 | OK | |
r-devel-linux-x86_64-debian-gcc | 1.1.0 | 2.47 | 27.40 | 29.87 | OK | |
r-devel-linux-x86_64-fedora-clang | 1.1.0 | 51.49 | OK | |||
r-devel-linux-x86_64-fedora-gcc | 1.1.0 | 59.85 | OK | |||
r-devel-windows-x86_64 | 1.1.0 | 14.00 | 63.00 | 77.00 | OK | |
r-patched-linux-x86_64 | 1.1.0 | 3.50 | 35.69 | 39.19 | OK | |
r-release-linux-x86_64 | 1.1.0 | 3.63 | 35.75 | 39.38 | OK | |
r-release-macos-arm64 | 1.1.0 | 21.00 | OK | |||
r-release-macos-x86_64 | 1.1.0 | 52.00 | OK | |||
r-release-windows-x86_64 | 1.1.0 | 23.00 | 71.00 | 94.00 | OK | |
r-oldrel-macos-arm64 | 1.1.0 | 25.00 | OK | |||
r-oldrel-macos-x86_64 | 1.1.0 | 49.00 | OK | |||
r-oldrel-windows-ix86+x86_64 | 1.1.0 | 7.00 | 60.00 | 67.00 | ERROR |
Version: 1.1.0
Check: PDF version of manual
Result: WARN
LaTeX errors when creating PDF version.
This typically indicates Rd problems.
LaTeX errors found:
! Package inputenc Error: Unicode char รข<c2><80><c2><90> (U+2010)
(inputenc) not set up for use with LaTeX.
See the inputenc package documentation for explanation.
Type H <return> for immediate help.
Flavor: r-oldrel-windows-ix86+x86_64
Version: 1.1.0
Check: PDF version of manual without hyperrefs or index
Result: ERROR
Flavor: r-oldrel-windows-ix86+x86_64