Last updated on 2022-05-21 16:48:57 CEST.
Flavor | Version | Tinstall | Tcheck | Ttotal | Status | Flags |
---|---|---|---|---|---|---|
r-devel-linux-x86_64-debian-clang | 0.2.2 | 2.09 | 36.10 | 38.19 | OK | |
r-devel-linux-x86_64-debian-gcc | 0.2.2 | 1.83 | 27.92 | 29.75 | OK | |
r-devel-linux-x86_64-fedora-clang | 0.2.2 | 45.92 | OK | |||
r-devel-linux-x86_64-fedora-gcc | 0.2.2 | 44.67 | OK | |||
r-devel-windows-x86_64 | 0.2.2 | 18.00 | 54.00 | 72.00 | OK | |
r-patched-linux-x86_64 | 0.2.2 | 2.07 | 34.12 | 36.19 | OK | |
r-release-linux-x86_64 | 0.2.2 | 2.21 | 34.26 | 36.47 | OK | |
r-release-macos-arm64 | 0.2.2 | 17.00 | NOTE | |||
r-release-macos-x86_64 | 0.2.2 | 22.00 | OK | |||
r-release-windows-x86_64 | 0.2.2 | 16.00 | 53.00 | 69.00 | OK | |
r-oldrel-macos-arm64 | 0.2.2 | 19.00 | NOTE | |||
r-oldrel-macos-x86_64 | 0.2.2 | 29.00 | NOTE | |||
r-oldrel-windows-ix86+x86_64 | 0.2.2 | 5.00 | 45.00 | 50.00 | OK |
Version: 0.2.2
Check: package dependencies
Result: NOTE
Package suggested but not available for checking: ‘IHW’
Flavors: r-release-macos-arm64, r-oldrel-macos-arm64, r-oldrel-macos-x86_64