CRAN Package Check Results for Package BullsEyeR

Last updated on 2022-01-22 21:53:37 CET.

Flavor Version Tinstall Tcheck Ttotal Status Flags
r-devel-linux-x86_64-debian-clang 0.2.0 5.74 77.87 83.61 NOTE
r-devel-linux-x86_64-debian-gcc 0.2.0 6.41 60.07 66.48 NOTE
r-devel-linux-x86_64-fedora-clang 0.2.0 107.65 NOTE
r-devel-linux-x86_64-fedora-gcc 0.2.0 93.19 NOTE
r-devel-windows-x86_64-new-UL 0.2.0 26.00 96.00 122.00 NOTE
r-devel-windows-x86_64-new-TK 0.2.0 NOTE
r-patched-linux-x86_64 0.2.0 6.96 75.99 82.95 NOTE
r-release-linux-x86_64 0.2.0 8.01 74.52 82.53 NOTE
r-release-macos-arm64 0.2.0 NOTE
r-release-macos-x86_64 0.2.0 NOTE
r-release-windows-ix86+x86_64 0.2.0 18.00 89.00 107.00 NOTE
r-oldrel-macos-x86_64 0.2.0 OK
r-oldrel-windows-ix86+x86_64 0.2.0 18.00 92.00 110.00 OK

Check Details

Version: 0.2.0
Check: LazyData
Result: NOTE
     'LazyData' is specified without a 'data' directory
Flavors: r-devel-linux-x86_64-debian-clang, r-devel-linux-x86_64-debian-gcc, r-devel-linux-x86_64-fedora-clang, r-devel-linux-x86_64-fedora-gcc, r-devel-windows-x86_64-new-UL, r-devel-windows-x86_64-new-TK, r-patched-linux-x86_64, r-release-linux-x86_64, r-release-macos-arm64, r-release-macos-x86_64, r-release-windows-ix86+x86_64

Version: 0.2.0
Check: Rd cross-references
Result: NOTE
    Undeclared package ‘ldatuning’ in Rd xrefs
Flavor: r-devel-linux-x86_64-fedora-clang