Last updated on 2022-05-27 18:49:33 CEST.
Flavor | Version | Tinstall | Tcheck | Ttotal | Status | Flags |
---|---|---|---|---|---|---|
r-devel-linux-x86_64-debian-clang | 3.2.3 | 12.71 | 144.01 | 156.72 | OK | |
r-devel-linux-x86_64-debian-gcc | 3.2.3 | 10.84 | 108.65 | 119.49 | OK | |
r-devel-linux-x86_64-fedora-clang | 3.2.3 | 184.77 | NOTE | |||
r-devel-linux-x86_64-fedora-gcc | 3.2.3 | 195.20 | NOTE | |||
r-devel-windows-x86_64 | 3.2.3 | 22.00 | 146.00 | 168.00 | OK | |
r-patched-linux-x86_64 | 3.2.3 | 8.59 | 135.15 | 143.74 | OK | |
r-release-linux-x86_64 | 3.2.3 | 8.74 | 134.16 | 142.90 | OK | |
r-release-macos-arm64 | 3.2.3 | 46.00 | NOTE | |||
r-release-macos-x86_64 | 3.2.3 | 84.00 | NOTE | |||
r-release-windows-x86_64 | 3.2.3 | 24.00 | 149.00 | 173.00 | OK | |
r-oldrel-macos-arm64 | 3.2.3 | 42.00 | NOTE | |||
r-oldrel-macos-x86_64 | 3.2.3 | 66.00 | NOTE | |||
r-oldrel-windows-ix86+x86_64 | 3.2.3 | 29.00 | 149.00 | 178.00 | OK |
Version: 3.2.3
Check: dependencies in R code
Result: NOTE
Namespaces in Imports field not imported from:
‘qgraph’ ‘reshape2’
All declared Imports should be used.
Flavors: r-devel-linux-x86_64-fedora-clang, r-devel-linux-x86_64-fedora-gcc, r-release-macos-arm64, r-release-macos-x86_64, r-oldrel-macos-arm64, r-oldrel-macos-x86_64