Last updated on 2022-05-20 11:50:57 CEST.
Flavor | Version | Tinstall | Tcheck | Ttotal | Status | Flags |
---|---|---|---|---|---|---|
r-devel-linux-x86_64-debian-clang | 0.1.2 | 321.02 | 137.79 | 458.81 | OK | |
r-devel-linux-x86_64-debian-gcc | 0.1.2 | 254.61 | 103.03 | 357.64 | OK | |
r-devel-linux-x86_64-fedora-clang | 0.1.2 | 671.48 | NOTE | |||
r-devel-windows-x86_64 | 0.1.2 | 231.00 | 173.00 | 404.00 | OK | |
r-patched-linux-x86_64 | 0.1.2 | 192.90 | 128.13 | 321.03 | OK | |
r-release-linux-x86_64 | 0.1.2 | 198.03 | 130.24 | 328.27 | OK | |
r-release-macos-arm64 | 0.1.2 | 130.00 | NOTE | |||
r-release-macos-x86_64 | 0.1.2 | 215.00 | NOTE | |||
r-release-windows-x86_64 | 0.1.2 | 258.00 | 172.00 | 430.00 | OK | |
r-oldrel-macos-arm64 | 0.1.2 | 147.00 | NOTE | |||
r-oldrel-macos-x86_64 | 0.1.2 | 177.00 | NOTE | |||
r-oldrel-windows-ix86+x86_64 | 0.1.2 | 757.00 | 209.00 | 966.00 | OK |
Version: 0.1.2
Check: installed package size
Result: NOTE
installed size is 9.4Mb
sub-directories of 1Mb or more:
libs 9.1Mb
Flavors: r-devel-linux-x86_64-fedora-clang, r-release-macos-arm64, r-release-macos-x86_64, r-oldrel-macos-arm64, r-oldrel-macos-x86_64