Last updated on 2022-05-21 19:51:38 CEST.
Flavor | Version | Tinstall | Tcheck | Ttotal | Status | Flags |
---|---|---|---|---|---|---|
r-devel-linux-x86_64-debian-clang | 1.5.2 | 18.03 | 90.00 | 108.03 | NOTE | |
r-devel-linux-x86_64-debian-gcc | 1.5.2 | 13.32 | 68.32 | 81.64 | NOTE | |
r-devel-linux-x86_64-fedora-clang | 1.5.2 | 133.04 | NOTE | |||
r-devel-linux-x86_64-fedora-gcc | 1.5.2 | 136.39 | NOTE | |||
r-devel-windows-x86_64 | 1.5.2 | 34.00 | 89.00 | 123.00 | OK | |
r-patched-linux-x86_64 | 1.5.2 | 19.51 | 86.52 | 106.03 | NOTE | |
r-release-linux-x86_64 | 1.5.2 | 18.20 | 88.19 | 106.39 | NOTE | |
r-release-macos-arm64 | 1.5.2 | 73.00 | OK | |||
r-release-macos-x86_64 | 1.5.2 | 92.00 | OK | |||
r-release-windows-x86_64 | 1.5.2 | 31.00 | 92.00 | 123.00 | OK | |
r-oldrel-macos-arm64 | 1.5.2 | 50.00 | OK | |||
r-oldrel-macos-x86_64 | 1.5.2 | 106.00 | OK | |||
r-oldrel-windows-ix86+x86_64 | 1.5.2 | 29.00 | 88.00 | 117.00 | OK |
Version: 1.5.2
Check: for non-standard things in the check directory
Result: NOTE
Found the following files/directories:
'hotcold.csv'
Flavors: r-devel-linux-x86_64-debian-clang, r-devel-linux-x86_64-debian-gcc, r-devel-linux-x86_64-fedora-clang, r-devel-linux-x86_64-fedora-gcc, r-patched-linux-x86_64, r-release-linux-x86_64