Last updated on 2022-05-23 12:54:59 CEST.
Flavor | Version | Tinstall | Tcheck | Ttotal | Status | Flags |
---|---|---|---|---|---|---|
r-devel-linux-x86_64-debian-clang | 8.1-12 | 162.47 | 179.89 | 342.36 | OK | |
r-devel-linux-x86_64-debian-gcc | 8.1-12 | 132.14 | 129.42 | 261.56 | OK | |
r-devel-linux-x86_64-fedora-clang | 8.1-12 | 477.62 | NOTE | |||
r-devel-linux-x86_64-fedora-gcc | 8.1-12 | 450.14 | OK | |||
r-devel-windows-x86_64 | 8.1-12 | 195.00 | 199.00 | 394.00 | OK | |
r-patched-linux-x86_64 | 8.1-12 | 143.93 | 163.14 | 307.07 | OK | |
r-release-linux-x86_64 | 8.1-12 | OK | ||||
r-release-macos-arm64 | 8.1-12 | 106.00 | NOTE | |||
r-release-macos-x86_64 | 8.1-12 | 145.00 | NOTE | |||
r-release-windows-x86_64 | 8.1-12 | 232.00 | 199.00 | 431.00 | OK | |
r-oldrel-macos-arm64 | 8.1-12 | 106.00 | NOTE | |||
r-oldrel-macos-x86_64 | 8.1-12 | 136.00 | NOTE | |||
r-oldrel-windows-ix86+x86_64 | 8.1-12 | 399.00 | 237.00 | 636.00 | NOTE |
Version: 8.1-12
Check: installed package size
Result: NOTE
installed size is 5.5Mb
sub-directories of 1Mb or more:
data 1.3Mb
libs 2.7Mb
Flavors: r-devel-linux-x86_64-fedora-clang, r-release-macos-arm64, r-release-macos-x86_64, r-oldrel-macos-arm64, r-oldrel-macos-x86_64, r-oldrel-windows-ix86+x86_64