CRAN Package Check Results for Package CHNCapitalStock

Last updated on 2022-05-17 04:50:28 CEST.

Flavor Version Tinstall Tcheck Ttotal Status Flags
r-devel-linux-x86_64-debian-clang 0.1.0 1.81 35.07 36.88 OK
r-devel-linux-x86_64-debian-gcc 0.1.0 1.53 27.32 28.85 OK
r-devel-linux-x86_64-fedora-clang 0.1.0 46.47 NOTE
r-devel-linux-x86_64-fedora-gcc 0.1.0 45.52 NOTE
r-devel-windows-x86_64 0.1.0 36.00 52.00 88.00 OK
r-patched-linux-x86_64 0.1.0 2.10 34.09 36.19 OK
r-release-linux-x86_64 0.1.0 1.81 34.33 36.14 OK
r-release-macos-arm64 0.1.0 15.00 NOTE
r-release-macos-x86_64 0.1.0 29.00 NOTE
r-release-windows-x86_64 0.1.0 27.00 60.00 87.00 OK
r-oldrel-macos-arm64 0.1.0 19.00 NOTE
r-oldrel-macos-x86_64 0.1.0 28.00 NOTE
r-oldrel-windows-ix86+x86_64 0.1.0 5.00 44.00 49.00 OK

Check Details

Version: 0.1.0
Check: dependencies in R code
Result: NOTE
    Namespace in Imports field not imported from: ‘magrittr’
     All declared Imports should be used.
Flavors: r-devel-linux-x86_64-fedora-clang, r-devel-linux-x86_64-fedora-gcc, r-release-macos-arm64, r-release-macos-x86_64, r-oldrel-macos-arm64, r-oldrel-macos-x86_64