Last updated on 2022-05-26 06:55:37 CEST.
Flavor | Version | Tinstall | Tcheck | Ttotal | Status | Flags |
---|---|---|---|---|---|---|
r-devel-linux-x86_64-debian-clang | 0.9.0 | 146.33 | 627.07 | 773.40 | OK | |
r-devel-linux-x86_64-debian-gcc | 0.9.0 | 120.20 | 473.83 | 594.03 | OK | |
r-devel-linux-x86_64-fedora-clang | 0.9.0 | 769.03 | NOTE | |||
r-devel-linux-x86_64-fedora-gcc | 0.9.0 | 791.44 | OK | |||
r-devel-windows-x86_64 | 0.9.0 | 285.00 | 429.00 | 714.00 | OK | |
r-patched-linux-x86_64 | 0.9.0 | 129.20 | 506.47 | 635.67 | OK | |
r-release-linux-x86_64 | 0.9.0 | OK | ||||
r-release-macos-arm64 | 0.9.0 | 149.00 | NOTE | |||
r-release-macos-x86_64 | 0.9.0 | 259.00 | NOTE | |||
r-release-windows-x86_64 | 0.9.0 | 290.00 | 426.00 | 716.00 | OK | |
r-oldrel-macos-arm64 | 0.9.0 | 137.00 | NOTE | |||
r-oldrel-macos-x86_64 | 0.9.0 | 272.00 | NOTE | |||
r-oldrel-windows-ix86+x86_64 | 0.9.0 | 345.00 | 681.00 | 1026.00 | OK |
Version: 0.9.0
Check: installed package size
Result: NOTE
installed size is 7.9Mb
sub-directories of 1Mb or more:
libs 6.5Mb
Flavors: r-devel-linux-x86_64-fedora-clang, r-release-macos-arm64, r-release-macos-x86_64, r-oldrel-macos-arm64, r-oldrel-macos-x86_64