Last updated on 2023-05-30 16:00:28 CEST.
Flavor | Version | Tinstall | Tcheck | Ttotal | Status | Flags |
---|---|---|---|---|---|---|
r-devel-linux-x86_64-debian-clang | 0.9.0 | 138.78 | 641.51 | 780.29 | NOTE | |
r-devel-linux-x86_64-debian-gcc | 0.9.0 | 116.78 | 455.21 | 571.99 | NOTE | |
r-devel-linux-x86_64-fedora-clang | 0.9.0 | 797.83 | NOTE | |||
r-devel-linux-x86_64-fedora-gcc | 0.9.0 | 845.56 | NOTE | |||
r-devel-windows-x86_64 | 0.9.0 | 113.00 | 362.00 | 475.00 | NOTE | |
r-patched-linux-x86_64 | 0.9.0 | 120.13 | 513.94 | 634.07 | NOTE | |
r-release-linux-x86_64 | 0.9.0 | 123.72 | 509.27 | 632.99 | NOTE | |
r-release-macos-arm64 | 0.9.0 | 175.00 | NOTE | |||
r-release-macos-x86_64 | 0.9.0 | 287.00 | NOTE | |||
r-release-windows-x86_64 | 0.9.0 | 151.00 | 397.00 | 548.00 | NOTE | |
r-oldrel-macos-arm64 | 0.9.0 | 149.00 | NOTE | |||
r-oldrel-macos-x86_64 | 0.9.0 | 259.00 | NOTE | |||
r-oldrel-windows-x86_64 | 0.9.0 | 150.00 | 375.00 | 525.00 | OK |
Version: 0.9.0
Check: C++ specification
Result: NOTE
Specified C++11: please drop specification unless essential
Flavors: r-devel-linux-x86_64-debian-clang, r-devel-linux-x86_64-debian-gcc, r-devel-linux-x86_64-fedora-clang, r-devel-linux-x86_64-fedora-gcc, r-devel-windows-x86_64, r-patched-linux-x86_64, r-release-linux-x86_64, r-release-macos-arm64, r-release-macos-x86_64, r-release-windows-x86_64
Version: 0.9.0
Check: installed package size
Result: NOTE
installed size is 12.0Mb
sub-directories of 1Mb or more:
libs 10.6Mb
Flavors: r-release-macos-arm64, r-release-macos-x86_64, r-oldrel-macos-arm64, r-oldrel-macos-x86_64