CRAN Package Check Results for Package COMIX

Last updated on 2023-02-08 16:52:04 CET.

Flavor Version Tinstall Tcheck Ttotal Status Flags
r-devel-linux-x86_64-debian-clang 1.0.0 161.91 87.12 249.03 NOTE
r-devel-linux-x86_64-debian-gcc 1.0.0 125.76 62.91 188.67 NOTE
r-devel-linux-x86_64-fedora-clang 1.0.0 338.56 NOTE
r-devel-linux-x86_64-fedora-gcc 1.0.0 349.43 NOTE
r-devel-windows-x86_64 1.0.0 259.00 142.00 401.00 NOTE
r-patched-linux-x86_64 1.0.0 139.94 81.73 221.67 OK
r-release-linux-x86_64 1.0.0 144.76 79.57 224.33 OK
r-release-macos-arm64 1.0.0 80.00 NOTE
r-release-macos-x86_64 1.0.0 101.00 NOTE
r-release-windows-x86_64 1.0.0 123.00 142.00 265.00 OK
r-oldrel-macos-arm64 1.0.0 75.00 NOTE
r-oldrel-macos-x86_64 1.0.0 102.00 NOTE
r-oldrel-windows-ix86+x86_64 1.0.0 374.00 157.00 531.00 NOTE

Check Details

Version: 1.0.0
Check: C++ specification
Result: NOTE
     Specified C++11: please update to current default of C++17
Flavors: r-devel-linux-x86_64-debian-clang, r-devel-windows-x86_64

Version: 1.0.0
Check: C++ specification
Result: NOTE
     Specified C++11: please drop specification unless essential
Flavors: r-devel-linux-x86_64-debian-gcc, r-devel-linux-x86_64-fedora-clang, r-devel-linux-x86_64-fedora-gcc

Version: 1.0.0
Check: installed package size
Result: NOTE
     installed size is 17.2Mb
     sub-directories of 1Mb or more:
     doc 1.8Mb
     libs 15.2Mb
Flavors: r-release-macos-arm64, r-release-macos-x86_64, r-oldrel-macos-arm64, r-oldrel-macos-x86_64, r-oldrel-windows-ix86+x86_64