CRAN Package Check Results for Package CPGLIB

Last updated on 2022-05-17 01:50:45 CEST.

Flavor Version Tinstall Tcheck Ttotal Status Flags
r-devel-linux-x86_64-debian-clang 1.0.1 155.04 47.34 202.38 OK
r-devel-linux-x86_64-debian-gcc 1.0.1 116.84 36.79 153.63 OK
r-devel-linux-x86_64-fedora-clang 1.0.1 290.65 NOTE
r-devel-linux-x86_64-fedora-gcc 1.0.1 253.43 OK
r-devel-windows-x86_64 1.0.1 142.00 85.00 227.00 OK
r-patched-linux-x86_64 1.0.1 125.53 46.06 171.59 OK
r-release-linux-x86_64 1.0.1 117.99 46.61 164.60 OK
r-release-macos-arm64 1.0.1 61.00 NOTE
r-release-macos-x86_64 1.0.1 81.00 NOTE
r-release-windows-x86_64 1.0.1 126.00 87.00 213.00 OK
r-oldrel-macos-arm64 1.0.1 68.00 NOTE
r-oldrel-macos-x86_64 1.0.1 124.00 NOTE
r-oldrel-windows-ix86+x86_64 1.0.1 352.00 91.00 443.00 OK

Check Details

Version: 1.0.1
Check: installed package size
Result: NOTE
     installed size is 5.1Mb
     sub-directories of 1Mb or more:
     libs 4.9Mb
Flavors: r-devel-linux-x86_64-fedora-clang, r-release-macos-arm64, r-release-macos-x86_64, r-oldrel-macos-arm64, r-oldrel-macos-x86_64