Last updated on 2023-01-31 15:55:45 CET.
Flavor | Version | Tinstall | Tcheck | Ttotal | Status | Flags |
---|---|---|---|---|---|---|
r-devel-linux-x86_64-debian-clang | 1.3.0 | 39.90 | 478.22 | 518.12 | OK | |
r-devel-linux-x86_64-debian-gcc | 1.3.0 | 36.14 | 339.25 | 375.39 | OK | |
r-devel-linux-x86_64-fedora-clang | 1.3.0 | 377.52 | NOTE | |||
r-devel-linux-x86_64-fedora-gcc | 1.3.0 | 312.60 | NOTE | |||
r-devel-windows-x86_64 | 1.3.0 | 124.00 | 530.00 | 654.00 | OK | |
r-patched-linux-x86_64 | 1.3.0 | 31.04 | 453.56 | 484.60 | OK | |
r-release-linux-x86_64 | 1.3.0 | 28.82 | 451.79 | 480.61 | OK | |
r-release-macos-arm64 | 1.3.0 | 162.00 | NOTE | |||
r-release-macos-x86_64 | 1.3.0 | 189.00 | NOTE | |||
r-release-windows-x86_64 | 1.3.0 | 94.00 | 499.00 | 593.00 | OK | |
r-oldrel-macos-arm64 | 1.3.0 | 135.00 | NOTE | |||
r-oldrel-macos-x86_64 | 1.3.0 | 183.00 | NOTE | |||
r-oldrel-windows-ix86+x86_64 | 1.3.0 | 89.00 | 494.00 | 583.00 | OK |
Version: 1.3.0
Check: data for non-ASCII characters
Result: NOTE
Note: found 282 marked UTF-8 strings
Flavors: r-devel-linux-x86_64-fedora-clang, r-devel-linux-x86_64-fedora-gcc, r-release-macos-arm64, r-release-macos-x86_64, r-oldrel-macos-arm64, r-oldrel-macos-x86_64