Last updated on 2022-05-22 18:53:20 CEST.
Flavor | Version | Tinstall | Tcheck | Ttotal | Status | Flags |
---|---|---|---|---|---|---|
r-devel-linux-x86_64-debian-clang | 0.1-2 | 3.52 | 466.35 | 469.87 | NOTE | |
r-devel-linux-x86_64-debian-gcc | 0.1-2 | 2.63 | 335.81 | 338.44 | NOTE | |
r-devel-linux-x86_64-fedora-clang | 0.1-2 | 543.88 | NOTE | |||
r-devel-linux-x86_64-fedora-gcc | 0.1-2 | 541.02 | NOTE | |||
r-devel-windows-x86_64 | 0.1-2 | 31.00 | 447.00 | 478.00 | NOTE | |
r-patched-linux-x86_64 | 0.1-2 | 3.85 | 445.76 | 449.61 | NOTE | |
r-release-linux-x86_64 | 0.1-2 | 2.81 | 434.85 | 437.66 | NOTE | |
r-release-macos-arm64 | 0.1-2 | 165.00 | NOTE | |||
r-release-macos-x86_64 | 0.1-2 | 203.00 | NOTE | |||
r-release-windows-x86_64 | 0.1-2 | 26.00 | 446.00 | 472.00 | NOTE | |
r-oldrel-macos-arm64 | 0.1-2 | 193.00 | NOTE | |||
r-oldrel-macos-x86_64 | 0.1-2 | 341.00 | NOTE | |||
r-oldrel-windows-ix86+x86_64 | 0.1-2 | 9.00 | 513.00 | 522.00 | NOTE |
Version: 0.1-2
Check: LazyData
Result: NOTE
'LazyData' is specified without a 'data' directory
Flavors: r-devel-linux-x86_64-debian-clang, r-devel-linux-x86_64-debian-gcc, r-devel-linux-x86_64-fedora-clang, r-devel-linux-x86_64-fedora-gcc, r-devel-windows-x86_64, r-patched-linux-x86_64, r-release-linux-x86_64, r-release-macos-arm64, r-release-macos-x86_64, r-release-windows-x86_64, r-oldrel-macos-arm64, r-oldrel-macos-x86_64, r-oldrel-windows-ix86+x86_64