CRAN Package Check Results for Package CVR

Last updated on 2022-05-26 12:53:36 CEST.

Flavor Version Tinstall Tcheck Ttotal Status Flags
r-devel-linux-x86_64-debian-clang 0.1.1 45.52 43.68 89.20 OK
r-devel-linux-x86_64-debian-gcc 0.1.1 39.05 38.66 77.71 OK
r-devel-linux-x86_64-fedora-clang 0.1.1 127.55 OK
r-devel-linux-x86_64-fedora-gcc 0.1.1 123.04 OK
r-devel-windows-x86_64 0.1.1 43.00 81.00 124.00 OK
r-patched-linux-x86_64 0.1.1 42.15 42.51 84.66 OK
r-release-linux-x86_64 0.1.1 OK
r-release-macos-arm64 0.1.1 32.00 NOTE
r-release-macos-x86_64 0.1.1 44.00 NOTE
r-release-windows-x86_64 0.1.1 44.00 82.00 126.00 OK
r-oldrel-macos-arm64 0.1.1 48.00 NOTE
r-oldrel-macos-x86_64 0.1.1 63.00 NOTE
r-oldrel-windows-ix86+x86_64 0.1.1 111.00 84.00 195.00 OK

Check Details

Version: 0.1.1
Check: installed package size
Result: NOTE
     installed size is 5.3Mb
     sub-directories of 1Mb or more:
     libs 4.5Mb
Flavors: r-release-macos-arm64, r-release-macos-x86_64, r-oldrel-macos-arm64, r-oldrel-macos-x86_64