Last updated on 2022-05-21 10:50:09 CEST.
Flavor | Version | Tinstall | Tcheck | Ttotal | Status | Flags |
---|---|---|---|---|---|---|
r-devel-linux-x86_64-debian-clang | 1.5-15 | 9.24 | 36.37 | 45.61 | OK | |
r-devel-linux-x86_64-debian-gcc | 1.5-15 | 5.96 | 27.74 | 33.70 | OK | |
r-devel-linux-x86_64-fedora-clang | 1.5-15 | 55.21 | OK | |||
r-devel-linux-x86_64-fedora-gcc | 1.5-15 | 53.91 | OK | |||
r-devel-windows-x86_64 | 1.5-15 | 41.00 | 122.00 | 163.00 | NOTE | |
r-patched-linux-x86_64 | 1.5-15 | 7.23 | 34.42 | 41.65 | OK | |
r-release-linux-x86_64 | 1.5-15 | 6.71 | 34.86 | 41.57 | OK | |
r-release-macos-arm64 | 1.5-15 | 29.00 | NOTE | |||
r-release-macos-x86_64 | 1.5-15 | 40.00 | NOTE | |||
r-release-windows-x86_64 | 1.5-15 | 37.00 | 115.00 | 152.00 | NOTE | |
r-oldrel-macos-arm64 | 1.5-15 | 35.00 | NOTE | |||
r-oldrel-macos-x86_64 | 1.5-15 | 38.00 | NOTE | |||
r-oldrel-windows-ix86+x86_64 | 1.5-15 | 27.00 | 52.00 | 79.00 | OK |
Version: 1.5-15
Check: installed package size
Result: NOTE
installed size is 8.2Mb
sub-directories of 1Mb or more:
libs 8.1Mb
Flavors: r-devel-windows-x86_64, r-release-macos-arm64, r-release-macos-x86_64, r-release-windows-x86_64, r-oldrel-macos-arm64, r-oldrel-macos-x86_64