CRAN Package Check Results for Package Cascade

Last updated on 2022-01-26 23:50:12 CET.

Flavor Version Tinstall Tcheck Ttotal Status Flags
r-devel-linux-x86_64-debian-clang 2.0 13.44 128.23 141.67 OK
r-devel-linux-x86_64-debian-gcc 2.0 10.36 99.11 109.47 OK
r-devel-linux-x86_64-fedora-clang 2.0 179.33 NOTE
r-devel-linux-x86_64-fedora-gcc 2.0 172.20 NOTE
r-devel-windows-x86_64-new-UL 2.0 74.00 154.00 228.00 OK
r-devel-windows-x86_64-new-TK 2.0 NOTE
r-patched-linux-x86_64 2.0 11.71 119.78 131.49 OK
r-release-linux-x86_64 2.0 10.54 119.66 130.20 OK
r-release-macos-arm64 2.0 NOTE
r-release-macos-x86_64 2.0 NOTE
r-release-windows-ix86+x86_64 2.0 25.00 143.00 168.00 OK
r-oldrel-macos-x86_64 2.0 NOTE
r-oldrel-windows-ix86+x86_64 2.0 25.00 145.00 170.00 OK

Check Details

Version: 2.0
Check: dependencies in R code
Result: NOTE
    Namespace in Imports field not imported from: ‘abind’
     All declared Imports should be used.
Flavors: r-devel-linux-x86_64-fedora-clang, r-devel-linux-x86_64-fedora-gcc, r-devel-windows-x86_64-new-TK, r-release-macos-arm64, r-release-macos-x86_64, r-oldrel-macos-x86_64