Last updated on 2023-02-09 05:54:04 CET.
Flavor | Version | Tinstall | Tcheck | Ttotal | Status | Flags |
---|---|---|---|---|---|---|
r-devel-linux-x86_64-debian-clang | 0.2.3 | 3.61 | 57.92 | 61.53 | OK | |
r-devel-linux-x86_64-debian-gcc | 0.2.3 | 2.81 | 43.34 | 46.15 | OK | |
r-devel-linux-x86_64-fedora-clang | 0.2.3 | 76.20 | NOTE | |||
r-devel-linux-x86_64-fedora-gcc | 0.2.3 | 89.27 | NOTE | |||
r-devel-windows-x86_64 | 0.2.3 | 36.00 | 92.00 | 128.00 | OK | |
r-patched-linux-x86_64 | 0.2.3 | 4.15 | 55.03 | 59.18 | OK | |
r-release-linux-x86_64 | 0.2.3 | 4.01 | 53.64 | 57.65 | OK | |
r-release-macos-arm64 | 0.2.3 | 29.00 | OK | |||
r-release-macos-x86_64 | 0.2.3 | 36.00 | OK | |||
r-release-windows-x86_64 | 0.2.3 | 29.00 | 92.00 | 121.00 | OK | |
r-oldrel-macos-arm64 | 0.2.3 | 32.00 | OK | |||
r-oldrel-macos-x86_64 | 0.2.3 | 38.00 | OK | |||
r-oldrel-windows-ix86+x86_64 | 0.2.3 | 9.00 | 79.00 | 88.00 | OK |
Version: 0.2.3
Check: data for non-ASCII characters
Result: NOTE
Note: found 3 marked UTF-8 strings
Flavors: r-devel-linux-x86_64-fedora-clang, r-devel-linux-x86_64-fedora-gcc