Last updated on 2022-05-19 16:49:47 CEST.
Flavor | Version | Tinstall | Tcheck | Ttotal | Status | Flags |
---|---|---|---|---|---|---|
r-devel-linux-x86_64-debian-clang | 0.0.3 | 134.80 | 139.65 | 274.45 | NOTE | |
r-devel-linux-x86_64-debian-gcc | 0.0.3 | 128.07 | 105.94 | 234.01 | NOTE | |
r-devel-linux-x86_64-fedora-clang | 0.0.3 | 364.40 | NOTE | |||
r-devel-linux-x86_64-fedora-gcc | 0.0.3 | 367.55 | NOTE | |||
r-devel-windows-x86_64 | 0.0.3 | 217.00 | 202.00 | 419.00 | NOTE | |
r-patched-linux-x86_64 | 0.0.3 | 102.87 | 137.34 | 240.21 | NOTE | |
r-release-linux-x86_64 | 0.0.3 | 94.71 | 135.50 | 230.21 | NOTE | |
r-release-macos-arm64 | 0.0.3 | 87.00 | NOTE | |||
r-release-macos-x86_64 | 0.0.3 | 188.00 | NOTE | |||
r-release-windows-x86_64 | 0.0.3 | 281.00 | 202.00 | 483.00 | NOTE | |
r-oldrel-macos-arm64 | 0.0.3 | 122.00 | NOTE | |||
r-oldrel-macos-x86_64 | 0.0.3 | 170.00 | NOTE | |||
r-oldrel-windows-ix86+x86_64 | 0.0.3 | 308.00 | 247.00 | 555.00 | NOTE |
Version: 0.0.3
Check: for GNU extensions in Makefiles
Result: NOTE
GNU make is a SystemRequirements.
Flavors: r-devel-linux-x86_64-debian-clang, r-devel-linux-x86_64-debian-gcc, r-devel-linux-x86_64-fedora-clang, r-devel-linux-x86_64-fedora-gcc, r-devel-windows-x86_64, r-patched-linux-x86_64, r-release-linux-x86_64, r-release-macos-arm64, r-release-macos-x86_64, r-release-windows-x86_64, r-oldrel-macos-arm64, r-oldrel-macos-x86_64, r-oldrel-windows-ix86+x86_64
Version: 0.0.3
Check: installed package size
Result: NOTE
installed size is 23.0Mb
sub-directories of 1Mb or more:
libs 22.4Mb
Flavors: r-devel-linux-x86_64-fedora-clang, r-release-macos-arm64, r-release-macos-x86_64, r-oldrel-macos-arm64, r-oldrel-macos-x86_64