CRAN Package Check Results for Package CoTiMA

Last updated on 2021-12-03 18:50:08 CET.

Flavor Version Tinstall Tcheck Ttotal Status Flags
r-devel-linux-x86_64-debian-clang 0.4.4 42.46 260.77 303.23 OK
r-devel-linux-x86_64-debian-gcc 0.4.4 34.25 193.45 227.70 OK
r-devel-linux-x86_64-fedora-clang 0.4.4 377.37 NOTE
r-devel-linux-x86_64-fedora-gcc 0.4.4 378.13 NOTE
r-devel-windows-x86_64-new-UL 0.4.4 84.00 299.00 383.00 OK
r-devel-windows-x86_64-new-TK 0.4.4 NOTE
r-devel-windows-x86_64-old 0.4.4 67.00 227.00 294.00 OK
r-patched-linux-x86_64 0.4.4 39.88 251.14 291.02 OK
r-release-linux-x86_64 0.4.4 41.27 249.49 290.76 OK
r-release-macos-arm64 0.4.4 NOTE
r-release-macos-x86_64 0.4.4 NOTE
r-release-windows-ix86+x86_64 0.4.4 90.00 312.00 402.00 OK
r-oldrel-macos-x86_64 0.4.4 NOTE
r-oldrel-windows-ix86+x86_64 0.4.4 85.00 296.00 381.00 OK

Check Details

Version: 0.4.4
Check: data for non-ASCII characters
Result: NOTE
     Note: found 965 marked UTF-8 strings
Flavors: r-devel-linux-x86_64-fedora-clang, r-devel-linux-x86_64-fedora-gcc, r-devel-windows-x86_64-new-TK, r-release-macos-arm64, r-release-macos-x86_64, r-oldrel-macos-x86_64

Version: 0.4.4
Check: installed package size
Result: NOTE
     installed size is 5.1Mb
     sub-directories of 1Mb or more:
     data 3.9Mb
Flavor: r-release-macos-arm64