CRAN Package Check Results for Package ConformalSmallest

Last updated on 2024-05-27 10:56:02 CEST.

Flavor Version Tinstall Tcheck Ttotal Status Flags
r-devel-linux-x86_64-debian-clang 1.0 4.91 101.79 106.70 OK
r-devel-linux-x86_64-debian-gcc 1.0 3.35 74.37 77.72 OK
r-devel-linux-x86_64-fedora-clang 1.0 129.76 NOTE
r-devel-linux-x86_64-fedora-gcc 1.0 132.05 NOTE
r-devel-windows-x86_64 1.0 5.00 88.00 93.00 OK
r-patched-linux-x86_64 1.0 4.27 96.06 100.33 OK
r-release-linux-x86_64 1.0 4.20 94.29 98.49 OK
r-release-macos-arm64 1.0 44.00 OK
r-release-windows-x86_64 1.0 4.00 91.00 95.00 OK
r-oldrel-macos-arm64 1.0 47.00 OK
r-oldrel-macos-x86_64 1.0 68.00 OK
r-oldrel-windows-x86_64 1.0 5.00 111.00 116.00 OK

Check Details

Version: 1.0
Check: dependencies in R code
Result: NOTE Namespace in Imports field not imported from: ‘mvtnorm’ All declared Imports should be used. Flavors: r-devel-linux-x86_64-fedora-clang, r-devel-linux-x86_64-fedora-gcc