CRAN Package Check Results for Package Copula.Markov.survival

Last updated on 2022-01-21 20:48:36 CET.

Flavor Version Tinstall Tcheck Ttotal Status Flags
r-devel-linux-x86_64-debian-clang 1.0.0 12.43 78.81 91.24 NOTE
r-devel-linux-x86_64-debian-gcc 1.0.0 6.78 60.11 66.89 NOTE
r-devel-linux-x86_64-fedora-clang 1.0.0 108.54 NOTE
r-devel-linux-x86_64-fedora-gcc 1.0.0 96.75 NOTE
r-devel-windows-x86_64-new-UL 1.0.0 117.00 94.00 211.00 NOTE
r-devel-windows-x86_64-new-TK 1.0.0 NOTE
r-patched-linux-x86_64 1.0.0 11.13 77.59 88.72 NOTE
r-release-linux-x86_64 1.0.0 9.80 77.99 87.79 NOTE
r-release-macos-arm64 1.0.0 NOTE
r-release-macos-x86_64 1.0.0 NOTE
r-release-windows-ix86+x86_64 1.0.0 21.00 88.00 109.00 NOTE
r-oldrel-macos-x86_64 1.0.0 OK
r-oldrel-windows-ix86+x86_64 1.0.0 21.00 90.00 111.00 OK

Check Details

Version: 1.0.0
Check: LazyData
Result: NOTE
     'LazyData' is specified without a 'data' directory
Flavors: r-devel-linux-x86_64-debian-clang, r-devel-linux-x86_64-debian-gcc, r-devel-linux-x86_64-fedora-clang, r-devel-linux-x86_64-fedora-gcc, r-devel-windows-x86_64-new-UL, r-devel-windows-x86_64-new-TK, r-patched-linux-x86_64, r-release-linux-x86_64, r-release-macos-arm64, r-release-macos-x86_64, r-release-windows-ix86+x86_64