CRAN Package Check Results for Package CornerstoneR

Last updated on 2022-05-16 10:52:36 CEST.

Flavor Version Tinstall Tcheck Ttotal Status Flags
r-devel-linux-x86_64-debian-clang 2.0.2 1.21 12.00 13.21 ERROR
r-devel-linux-x86_64-debian-gcc 2.0.2 0.93 9.04 9.97 ERROR
r-devel-linux-x86_64-fedora-clang 2.0.2 12.95 ERROR
r-devel-linux-x86_64-fedora-gcc 2.0.2 12.91 ERROR
r-devel-windows-x86_64 2.0.2 42.00 119.00 161.00 OK
r-patched-linux-x86_64 2.0.2 8.43 74.65 83.08 OK
r-release-linux-x86_64 2.0.2 3.69 75.01 78.70 OK
r-release-macos-arm64 2.0.2 29.00 OK
r-release-macos-x86_64 2.0.2 49.00 OK
r-release-windows-x86_64 2.0.2 59.00 150.00 209.00 OK
r-oldrel-macos-arm64 2.0.2 57.00 OK
r-oldrel-macos-x86_64 2.0.2 55.00 OK
r-oldrel-windows-ix86+x86_64 2.0.2 10.00 101.00 111.00 OK

Check Details

Version: 2.0.2
Check: package dependencies
Result: ERROR
    Package required but not available: 'SpatialTools'
    
    See section 'The DESCRIPTION file' in the 'Writing R Extensions'
    manual.
Flavors: r-devel-linux-x86_64-debian-clang, r-devel-linux-x86_64-debian-gcc, r-devel-linux-x86_64-fedora-clang, r-devel-linux-x86_64-fedora-gcc