CRAN Package Check Results for Package Countr

Last updated on 2022-01-20 10:52:25 CET.

Flavor Version Tinstall Tcheck Ttotal Status Flags
r-devel-linux-x86_64-debian-clang 3.5.5 OK
r-devel-linux-x86_64-debian-gcc 3.5.5 114.89 126.96 241.85 OK
r-devel-linux-x86_64-fedora-clang 3.5.5 439.97 NOTE
r-devel-linux-x86_64-fedora-gcc 3.5.5 394.22 OK
r-devel-windows-x86_64-new-UL 3.5.5 196.00 272.00 468.00 OK
r-devel-windows-x86_64-new-TK 3.5.5 OK
r-patched-linux-x86_64 3.5.5 131.86 163.25 295.11 OK
r-release-linux-x86_64 3.5.5 106.82 158.50 265.32 OK
r-release-macos-arm64 3.5.5 NOTE
r-release-macos-x86_64 3.5.5 NOTE
r-release-windows-ix86+x86_64 3.5.5 359.00 254.00 613.00 NOTE
r-oldrel-macos-x86_64 3.5.5 NOTE
r-oldrel-windows-ix86+x86_64 3.5.5 359.00 256.00 615.00 NOTE

Check Details

Version: 3.5.5
Check: installed package size
Result: NOTE
     installed size is 8.1Mb
     sub-directories of 1Mb or more:
     doc 2.0Mb
     libs 5.2Mb
Flavors: r-devel-linux-x86_64-fedora-clang, r-release-macos-arm64, r-release-macos-x86_64, r-release-windows-ix86+x86_64, r-oldrel-macos-x86_64, r-oldrel-windows-ix86+x86_64