Last updated on 2022-05-17 12:48:52 CEST.
Flavor | Version | Tinstall | Tcheck | Ttotal | Status | Flags |
---|---|---|---|---|---|---|
r-devel-linux-x86_64-debian-clang | 1.4.7 | 4.49 | 47.67 | 52.16 | OK | |
r-devel-linux-x86_64-debian-gcc | 1.4.7 | 3.61 | 37.06 | 40.67 | OK | |
r-devel-linux-x86_64-fedora-clang | 1.4.7 | 63.91 | NOTE | |||
r-devel-linux-x86_64-fedora-gcc | 1.4.7 | 61.60 | NOTE | |||
r-devel-windows-x86_64 | 1.4.7 | 24.00 | 67.00 | 91.00 | OK | |
r-patched-linux-x86_64 | 1.4.7 | 2.90 | 46.39 | 49.29 | OK | |
r-release-linux-x86_64 | 1.4.7 | 2.66 | 46.10 | 48.76 | OK | |
r-release-macos-arm64 | 1.4.7 | 22.00 | NOTE | |||
r-release-macos-x86_64 | 1.4.7 | 38.00 | NOTE | |||
r-release-windows-x86_64 | 1.4.7 | 31.00 | 65.00 | 96.00 | OK | |
r-oldrel-macos-arm64 | 1.4.7 | 20.00 | NOTE | |||
r-oldrel-macos-x86_64 | 1.4.7 | 28.00 | NOTE | |||
r-oldrel-windows-ix86+x86_64 | 1.4.7 | 13.00 | 60.00 | 73.00 | OK |
Version: 1.4.7
Check: dependencies in R code
Result: NOTE
Namespaces in Imports field not imported from:
‘DT’ ‘dplyr’ ‘geosphere’ ‘mapdata’ ‘maps’ ‘marmap’ ‘shinydashboard’
‘shinyjs’ ‘stringr’ ‘swfscDAS’
All declared Imports should be used.
Flavors: r-devel-linux-x86_64-fedora-clang, r-devel-linux-x86_64-fedora-gcc, r-release-macos-arm64, r-release-macos-x86_64, r-oldrel-macos-arm64, r-oldrel-macos-x86_64