CRAN Package Check Results for Package DCEtool

Last updated on 2022-01-22 17:49:17 CET.

Flavor Version Tinstall Tcheck Ttotal Status Flags
r-devel-linux-x86_64-debian-clang 0.3.1 10.49 107.73 118.22 OK
r-devel-linux-x86_64-debian-gcc 0.3.1 9.23 82.16 91.39 OK
r-devel-linux-x86_64-fedora-clang 0.3.1 148.08 NOTE
r-devel-linux-x86_64-fedora-gcc 0.3.1 134.37 NOTE
r-devel-windows-x86_64-new-UL 0.3.1 22.00 123.00 145.00 OK
r-devel-windows-x86_64-new-TK 0.3.1 NOTE
r-patched-linux-x86_64 0.3.1 10.40 103.14 113.54 OK
r-release-linux-x86_64 0.3.1 8.45 103.10 111.55 OK
r-release-macos-arm64 0.3.1 NOTE
r-release-macos-x86_64 0.3.1 NOTE
r-release-windows-ix86+x86_64 0.3.1 27.00 123.00 150.00 OK
r-oldrel-macos-x86_64 0.3.1 NOTE
r-oldrel-windows-ix86+x86_64 0.3.1 30.00 123.00 153.00 OK

Check Details

Version: 0.3.1
Check: dependencies in R code
Result: NOTE
    Namespaces in Imports field not imported from:
     ‘commonmark’ ‘htmltools’ ‘readxl’
     All declared Imports should be used.
Flavors: r-devel-linux-x86_64-fedora-clang, r-devel-linux-x86_64-fedora-gcc, r-devel-windows-x86_64-new-TK, r-release-macos-arm64, r-release-macos-x86_64, r-oldrel-macos-x86_64