CRAN Package Check Results for Package DCPO

Last updated on 2022-05-26 05:57:46 CEST.

Flavor Version Tinstall Tcheck Ttotal Status Flags
r-devel-linux-x86_64-debian-clang 0.5.3 354.10 122.83 476.93 NOTE
r-devel-linux-x86_64-debian-gcc 0.5.3 271.98 114.00 385.98 NOTE
r-devel-linux-x86_64-fedora-clang 0.5.3 647.19 NOTE
r-devel-linux-x86_64-fedora-gcc 0.5.3 582.66 NOTE
r-devel-windows-x86_64 0.5.3 173.00 179.00 352.00 NOTE
r-patched-linux-x86_64 0.5.3 201.88 128.47 330.35 NOTE
r-release-linux-x86_64 0.5.3 NOTE
r-release-macos-arm64 0.5.3 160.00 NOTE
r-release-macos-x86_64 0.5.3 273.00 NOTE
r-release-windows-x86_64 0.5.3 177.00 186.00 363.00 NOTE
r-oldrel-macos-arm64 0.5.3 182.00 NOTE
r-oldrel-macos-x86_64 0.5.3 263.00 NOTE
r-oldrel-windows-ix86+x86_64 0.5.3 514.00 9.00 523.00 ERROR

Check Details

Version: 0.5.3
Check: for GNU extensions in Makefiles
Result: NOTE
    GNU make is a SystemRequirements.
Flavors: r-devel-linux-x86_64-debian-clang, r-devel-linux-x86_64-debian-gcc, r-devel-linux-x86_64-fedora-clang, r-devel-linux-x86_64-fedora-gcc, r-devel-windows-x86_64, r-patched-linux-x86_64, r-release-linux-x86_64, r-release-macos-arm64, r-release-macos-x86_64, r-release-windows-x86_64, r-oldrel-macos-arm64, r-oldrel-macos-x86_64

Version: 0.5.3
Check: installed package size
Result: NOTE
     installed size is 38.7Mb
     sub-directories of 1Mb or more:
     libs 38.2Mb
Flavors: r-devel-linux-x86_64-fedora-clang, r-release-macos-arm64, r-release-macos-x86_64, r-oldrel-macos-arm64, r-oldrel-macos-x86_64

Version: 0.5.3
Check: data for non-ASCII characters
Result: NOTE
     Note: found 38 marked UTF-8 strings
Flavors: r-devel-linux-x86_64-fedora-clang, r-devel-linux-x86_64-fedora-gcc, r-release-macos-arm64, r-release-macos-x86_64, r-oldrel-macos-arm64, r-oldrel-macos-x86_64

Version: 0.5.3
Check: whether package can be installed
Result: ERROR
    Installation failed.
Flavor: r-oldrel-windows-ix86+x86_64