Last updated on 2022-05-16 12:54:58 CEST.
Flavor | Version | Tinstall | Tcheck | Ttotal | Status | Flags |
---|---|---|---|---|---|---|
r-devel-linux-x86_64-debian-clang | 1.0.3 | 48.06 | 288.14 | 336.20 | OK | |
r-devel-linux-x86_64-debian-gcc | 1.0.3 | 37.20 | 213.20 | 250.40 | OK | |
r-devel-linux-x86_64-fedora-clang | 1.0.3 | 396.82 | NOTE | |||
r-devel-linux-x86_64-fedora-gcc | 1.0.3 | 386.15 | NOTE | |||
r-devel-windows-x86_64 | 1.0.3 | 74.00 | 281.00 | 355.00 | OK | |
r-patched-linux-x86_64 | 1.0.3 | 45.12 | 277.81 | 322.93 | OK | |
r-release-linux-x86_64 | 1.0.3 | 41.47 | 279.44 | 320.91 | OK | |
r-release-macos-arm64 | 1.0.3 | 90.00 | NOTE | |||
r-release-macos-x86_64 | 1.0.3 | 121.00 | NOTE | |||
r-release-windows-x86_64 | 1.0.3 | 81.00 | 285.00 | 366.00 | OK | |
r-oldrel-macos-arm64 | 1.0.3 | 54.00 | NOTE | |||
r-oldrel-macos-x86_64 | 1.0.3 | 99.00 | NOTE | |||
r-oldrel-windows-ix86+x86_64 | 1.0.3 | 77.00 | 282.00 | 359.00 | OK |
Version: 1.0.3
Check: dependencies in R code
Result: NOTE
Namespace in Imports field not imported from: ‘grDevices’
All declared Imports should be used.
Flavors: r-devel-linux-x86_64-fedora-clang, r-devel-linux-x86_64-fedora-gcc, r-release-macos-arm64, r-release-macos-x86_64, r-oldrel-macos-arm64, r-oldrel-macos-x86_64