Last updated on 2022-06-27 10:54:22 CEST.
Flavor | Version | Tinstall | Tcheck | Ttotal | Status | Flags |
---|---|---|---|---|---|---|
r-devel-linux-x86_64-debian-clang | 1.0-11 | 2.23 | 30.59 | 32.82 | OK | |
r-devel-linux-x86_64-debian-gcc | 1.0-11 | 1.66 | 23.56 | 25.22 | OK | |
r-devel-linux-x86_64-fedora-clang | 1.0-11 | 51.09 | NOTE | |||
r-devel-linux-x86_64-fedora-gcc | 1.0-11 | 52.61 | OK | |||
r-devel-windows-x86_64 | 1.0-11 | 12.00 | 55.00 | 67.00 | OK | |
r-patched-linux-x86_64 | 1.0-11 | 2.09 | 29.65 | 31.74 | OK | |
r-release-linux-x86_64 | 1.0-11 | 2.07 | 30.37 | 32.44 | OK | |
r-release-macos-arm64 | 1.0-11 | 17.00 | OK | |||
r-release-macos-x86_64 | 1.0-11 | 24.00 | OK | |||
r-release-windows-x86_64 | 1.0-11 | 5.00 | 53.00 | 58.00 | OK | |
r-oldrel-macos-arm64 | 1.0-11 | 17.00 | OK | |||
r-oldrel-macos-x86_64 | 1.0-11 | 23.00 | OK | |||
r-oldrel-windows-ix86+x86_64 | 1.0-11 | 6.00 | 49.00 | 55.00 | OK |
Version: 1.0-11
Check: Rd cross-references
Result: NOTE
Undeclared package ‘DEoptim’ in Rd xrefs
Flavor: r-devel-linux-x86_64-fedora-clang