Last updated on 2023-05-30 17:00:03 CEST.
Flavor | Version | Tinstall | Tcheck | Ttotal | Status | Flags |
---|---|---|---|---|---|---|
r-devel-linux-x86_64-debian-clang | 1.0-13 | 1.79 | 31.20 | 32.99 | OK | |
r-devel-linux-x86_64-debian-gcc | 1.0-13 | 1.60 | 23.87 | 25.47 | OK | |
r-devel-linux-x86_64-fedora-clang | 1.0-13 | 42.23 | NOTE | |||
r-devel-linux-x86_64-fedora-gcc | 1.0-13 | 39.68 | OK | |||
r-devel-windows-x86_64 | 1.0-13 | 8.00 | 45.00 | 53.00 | OK | |
r-patched-linux-x86_64 | 1.0-13 | 2.24 | 29.75 | 31.99 | OK | |
r-release-linux-x86_64 | 1.0-13 | 2.03 | 29.67 | 31.70 | OK | |
r-release-macos-arm64 | 1.0-13 | 25.00 | OK | |||
r-release-macos-x86_64 | 1.0-12 | 28.00 | OK | |||
r-release-windows-x86_64 | 1.0-13 | 8.00 | 54.00 | 62.00 | OK | |
r-oldrel-macos-arm64 | 1.0-13 | 27.00 | OK | |||
r-oldrel-macos-x86_64 | 1.0-13 | 39.00 | OK | |||
r-oldrel-windows-x86_64 | 1.0-13 | 8.00 | 72.00 | 80.00 | OK |
Version: 1.0-13
Check: Rd cross-references
Result: NOTE
Undeclared package ‘DEoptim’ in Rd xrefs
Flavor: r-devel-linux-x86_64-fedora-clang