Last updated on 2022-05-22 23:51:42 CEST.
Flavor | Version | Tinstall | Tcheck | Ttotal | Status | Flags |
---|---|---|---|---|---|---|
r-devel-linux-x86_64-debian-clang | 1.0.2 | 31.52 | 322.43 | 353.95 | OK | |
r-devel-linux-x86_64-debian-gcc | 1.0.2 | 28.12 | 236.21 | 264.33 | OK | |
r-devel-linux-x86_64-fedora-clang | 1.0.2 | 424.26 | OK | |||
r-devel-linux-x86_64-fedora-gcc | 1.0.2 | 406.19 | OK | |||
r-devel-windows-x86_64 | 1.0.2 | 40.00 | 317.00 | 357.00 | NOTE | |
r-patched-linux-x86_64 | 1.0.2 | 28.00 | 297.42 | 325.42 | OK | |
r-release-linux-x86_64 | 1.0.2 | 22.14 | 300.92 | 323.06 | OK | |
r-release-macos-arm64 | 1.0.2 | 109.00 | OK | |||
r-release-macos-x86_64 | 1.0.2 | 173.00 | OK | |||
r-release-windows-x86_64 | 1.0.2 | 44.00 | 316.00 | 360.00 | NOTE | |
r-oldrel-macos-arm64 | 1.0.2 | 163.00 | OK | |||
r-oldrel-macos-x86_64 | 1.0.2 | 140.00 | OK | |||
r-oldrel-windows-ix86+x86_64 | 1.0.2 | 69.00 | 296.00 | 365.00 | NOTE |
Version: 1.0.2
Check: package dependencies
Result: NOTE
Package suggested but not available for checking: 'doMC'
Flavors: r-devel-windows-x86_64, r-release-windows-x86_64, r-oldrel-windows-ix86+x86_64