CRAN Package Check Results for Package DIFshiny

Last updated on 2024-05-21 05:00:46 CEST.

Flavor Version Tinstall Tcheck Ttotal Status Flags
r-devel-linux-x86_64-debian-clang 0.1.0 13.66 98.13 111.79 NOTE
r-devel-linux-x86_64-debian-gcc 0.1.0 7.78 75.46 83.24 NOTE
r-devel-linux-x86_64-fedora-clang 0.1.0 136.38 NOTE
r-devel-linux-x86_64-fedora-gcc 0.1.0 131.02 NOTE
r-devel-windows-x86_64 0.1.0 12.00 91.00 103.00 NOTE
r-patched-linux-x86_64 0.1.0 12.05 95.45 107.50 NOTE
r-release-linux-x86_64 0.1.0 9.72 95.94 105.66 NOTE
r-release-macos-arm64 0.1.0 35.00 NOTE
r-release-windows-x86_64 0.1.0 11.00 84.00 95.00 NOTE
r-oldrel-macos-arm64 0.1.0 45.00 NOTE
r-oldrel-macos-x86_64 0.1.0 61.00 NOTE
r-oldrel-windows-x86_64 0.1.0 15.00 105.00 120.00 NOTE

Check Details

Version: 0.1.0
Check: LazyData
Result: NOTE 'LazyData' is specified without a 'data' directory Flavors: r-devel-linux-x86_64-debian-clang, r-devel-linux-x86_64-debian-gcc, r-devel-linux-x86_64-fedora-clang, r-devel-linux-x86_64-fedora-gcc, r-devel-windows-x86_64, r-patched-linux-x86_64, r-release-linux-x86_64, r-release-macos-arm64, r-release-windows-x86_64, r-oldrel-macos-arm64, r-oldrel-macos-x86_64, r-oldrel-windows-x86_64