Last updated on 2022-05-19 17:51:23 CEST.
Flavor | Version | Tinstall | Tcheck | Ttotal | Status | Flags |
---|---|---|---|---|---|---|
r-devel-linux-x86_64-debian-clang | 0.2-4 | 73.64 | 87.22 | 160.86 | NOTE | |
r-devel-linux-x86_64-debian-gcc | 0.2-4 | 61.59 | 64.51 | 126.10 | NOTE | |
r-devel-linux-x86_64-fedora-clang | 0.2-4 | 224.00 | NOTE | |||
r-devel-linux-x86_64-fedora-gcc | 0.2-4 | 198.15 | NOTE | |||
r-devel-windows-x86_64 | 0.2-4 | 88.00 | 140.00 | 228.00 | NOTE | |
r-patched-linux-x86_64 | 0.2-4 | 62.46 | 84.38 | 146.84 | NOTE | |
r-release-linux-x86_64 | 0.2-4 | 59.13 | 83.85 | 142.98 | NOTE | |
r-release-macos-arm64 | 0.2-4 | 57.00 | NOTE | |||
r-release-macos-x86_64 | 0.2-4 | 74.00 | NOTE | |||
r-release-windows-x86_64 | 0.2-4 | 92.00 | 137.00 | 229.00 | NOTE | |
r-oldrel-macos-arm64 | 0.2-4 | 57.00 | NOTE | |||
r-oldrel-macos-x86_64 | 0.2-4 | 74.00 | NOTE | |||
r-oldrel-windows-ix86+x86_64 | 0.2-4 | 170.00 | 143.00 | 313.00 | NOTE |
Version: 0.2-4
Check: for GNU extensions in Makefiles
Result: NOTE
GNU make is a SystemRequirements.
Flavors: r-devel-linux-x86_64-debian-clang, r-devel-linux-x86_64-debian-gcc, r-devel-linux-x86_64-fedora-clang, r-devel-linux-x86_64-fedora-gcc, r-devel-windows-x86_64, r-patched-linux-x86_64, r-release-linux-x86_64, r-release-macos-arm64, r-release-macos-x86_64, r-release-windows-x86_64, r-oldrel-macos-arm64, r-oldrel-macos-x86_64, r-oldrel-windows-ix86+x86_64