CRAN Package Check Results for Package DT

Last updated on 2022-01-24 21:51:08 CET.

Flavor Version Tinstall Tcheck Ttotal Status Flags
r-devel-linux-x86_64-debian-clang 0.20 3.75 47.12 50.87 OK
r-devel-linux-x86_64-debian-gcc 0.20 4.26 36.84 41.10 OK
r-devel-linux-x86_64-fedora-clang 0.20 63.81 NOTE
r-devel-linux-x86_64-fedora-gcc 0.20 51.51 OK
r-devel-windows-x86_64-new-UL 0.20 1848.00 101.00 1949.00 NOTE
r-devel-windows-x86_64-new-TK 0.20 OK
r-patched-linux-x86_64 0.20 4.85 45.20 50.05 OK
r-release-linux-x86_64 0.20 5.60 45.58 51.18 OK
r-release-macos-arm64 0.20 NOTE
r-release-macos-x86_64 0.20 NOTE
r-release-windows-ix86+x86_64 0.20 16.00 58.00 74.00 NOTE
r-oldrel-macos-x86_64 0.20 NOTE
r-oldrel-windows-ix86+x86_64 0.20 16.00 57.00 73.00 NOTE

Check Details

Version: 0.20
Check: installed package size
Result: NOTE
     installed size is 5.9Mb
     sub-directories of 1Mb or more:
     htmlwidgets 4.9Mb
Flavors: r-devel-linux-x86_64-fedora-clang, r-devel-windows-x86_64-new-UL, r-release-macos-arm64, r-release-macos-x86_64, r-release-windows-ix86+x86_64, r-oldrel-macos-x86_64, r-oldrel-windows-ix86+x86_64