CRAN Package Check Results for Package DTAT

Last updated on 2022-01-24 13:50:13 CET.

Flavor Version Tinstall Tcheck Ttotal Status Flags
r-devel-linux-x86_64-debian-clang 0.3-4 16.19 140.92 157.11 OK
r-devel-linux-x86_64-debian-gcc 0.3-4 12.04 103.30 115.34 OK
r-devel-linux-x86_64-fedora-clang 0.3-4 182.19 OK
r-devel-linux-x86_64-fedora-gcc 0.3-4 175.95 OK
r-devel-windows-x86_64-new-UL 0.3-4 48.00 166.00 214.00 OK
r-devel-windows-x86_64-new-TK 0.3-4 OK
r-patched-linux-x86_64 0.3-4 17.67 129.58 147.25 OK
r-release-linux-x86_64 0.3-4 9.52 129.59 139.11 OK
r-release-macos-arm64 0.3-4 OK
r-release-macos-x86_64 0.3-4 WARN
r-release-windows-ix86+x86_64 0.3-4 34.00 159.00 193.00 OK
r-oldrel-macos-x86_64 0.3-4 WARN
r-oldrel-windows-ix86+x86_64 0.3-4 35.00 159.00 194.00 OK

Check Details

Version: 0.3-4
Check: re-building of vignette outputs
Result: WARN
    Error(s) in re-building vignettes:
     ...
    --- re-building ‘Designing-33PC.Rmd’ using rmarkdown
    Warning in engine$weave(file, quiet = quiet, encoding = enc) :
     Pandoc (>= 1.12.3) not available. Falling back to R Markdown v1.
    Quitting from lines 164-165 (Designing-33PC.Rmd)
    Error: processing vignette 'Designing-33PC.Rmd' failed with diagnostics:
    invalid 'path' argument
    --- failed re-building ‘Designing-33PC.Rmd’
    
    SUMMARY: processing the following file failed:
     ‘Designing-33PC.Rmd’
    
    Error: Vignette re-building failed.
    Execution halted
Flavor: r-release-macos-x86_64

Version: 0.3-4
Check: re-building of vignette outputs
Result: WARN
    Error(s) in re-building vignettes:
     ...
    --- re-building ‘Designing-33PC.Rmd’ using rmarkdown
    Warning in engine$weave(file, quiet = quiet, encoding = enc) :
     Pandoc (>= 1.12.3) and/or pandoc-citeproc not available. Falling back to R Markdown v1.
    Quitting from lines 164-165 (Designing-33PC.Rmd)
    Error: processing vignette 'Designing-33PC.Rmd' failed with diagnostics:
    cannot open the connection
    --- failed re-building ‘Designing-33PC.Rmd’
    
    SUMMARY: processing the following file failed:
     ‘Designing-33PC.Rmd’
    
    Error: Vignette re-building failed.
    Execution halted
Flavor: r-oldrel-macos-x86_64