CRAN Package Check Results for Package DatAssim

Last updated on 2024-04-23 08:57:43 CEST.

Flavor Version Tinstall Tcheck Ttotal Status Flags
r-devel-linux-x86_64-debian-clang 1.0 30.10 25.88 55.98 NOTE
r-devel-linux-x86_64-debian-gcc 1.0 24.94 20.65 45.59 NOTE
r-devel-linux-x86_64-fedora-clang 1.0 86.33 NOTE
r-devel-linux-x86_64-fedora-gcc 1.0 83.76 NOTE
r-prerel-macos-arm64 1.0 25.00 NOTE
r-prerel-windows-x86_64 1.0 29.00 67.00 96.00 NOTE
r-patched-linux-x86_64 1.0 29.77 25.78 55.55 NOTE
r-release-linux-x86_64 1.0 27.79 26.06 53.85 NOTE
r-release-macos-arm64 1.0 26.00 NOTE
r-release-macos-x86_64 1.0 42.00 NOTE
r-release-windows-x86_64 1.0 35.00 72.00 107.00 NOTE
r-oldrel-macos-arm64 1.0 25.00 NOTE
r-oldrel-windows-x86_64 1.0 32.00 67.00 99.00 NOTE

Check Details

Version: 1.0
Check: LazyData
Result: NOTE 'LazyData' is specified without a 'data' directory Flavors: r-devel-linux-x86_64-debian-clang, r-devel-linux-x86_64-debian-gcc, r-devel-linux-x86_64-fedora-clang, r-devel-linux-x86_64-fedora-gcc, r-prerel-macos-arm64, r-prerel-windows-x86_64, r-patched-linux-x86_64, r-release-linux-x86_64, r-release-macos-arm64, r-release-macos-x86_64, r-release-windows-x86_64, r-oldrel-macos-arm64, r-oldrel-windows-x86_64