CRAN Package Check Results for Package DataFakeR

Last updated on 2023-05-30 14:56:43 CEST.

Flavor Version Tinstall Tcheck Ttotal Status Flags
r-devel-linux-x86_64-debian-clang 0.1.3 4.73 60.29 65.02 OK
r-devel-linux-x86_64-debian-gcc 0.1.3 4.72 47.45 52.17 OK
r-devel-linux-x86_64-fedora-clang 0.1.3 85.16 NOTE
r-devel-linux-x86_64-fedora-gcc 0.1.3 92.34 NOTE
r-devel-windows-x86_64 0.1.3 6.00 75.00 81.00 OK
r-patched-linux-x86_64 0.1.3 5.57 58.96 64.53 OK
r-release-linux-x86_64 0.1.3 5.26 58.37 63.63 OK
r-release-macos-arm64 0.1.3 42.00 OK
r-release-macos-x86_64 0.1.3 57.00 OK
r-release-windows-x86_64 0.1.3 11.00 84.00 95.00 OK
r-oldrel-macos-arm64 0.1.3 33.00 OK
r-oldrel-macos-x86_64 0.1.3 42.00 OK
r-oldrel-windows-x86_64 0.1.3 8.00 84.00 92.00 OK

Check Details

Version: 0.1.3
Check: dependencies in R code
Result: NOTE
    Namespace in Imports field not imported from: ‘R6’
     All declared Imports should be used.
Flavors: r-devel-linux-x86_64-fedora-clang, r-devel-linux-x86_64-fedora-gcc