CRAN Package Check Results for Package DataLoader

Last updated on 2022-05-18 16:49:46 CEST.

Flavor Version Tinstall Tcheck Ttotal Status Flags
r-devel-linux-x86_64-debian-clang 1.3 9.38 90.39 99.77 NOTE
r-devel-linux-x86_64-debian-gcc 1.3 6.73 67.90 74.63 NOTE
r-devel-linux-x86_64-fedora-clang 1.3 121.24 NOTE
r-devel-linux-x86_64-fedora-gcc 1.3 121.85 NOTE
r-devel-windows-x86_64 1.3 58.00 89.00 147.00 NOTE
r-patched-linux-x86_64 1.3 9.13 88.27 97.40 NOTE
r-release-linux-x86_64 1.3 9.63 89.34 98.97 NOTE
r-release-macos-arm64 1.3 34.00 NOTE
r-release-macos-x86_64 1.3 60.00 NOTE
r-release-windows-x86_64 1.3 39.00 90.00 129.00 NOTE
r-oldrel-macos-arm64 1.3 46.00 NOTE
r-oldrel-macos-x86_64 1.3 59.00 NOTE
r-oldrel-windows-ix86+x86_64 1.3 16.00 85.00 101.00 NOTE

Check Details

Version: 1.3
Check: LazyData
Result: NOTE
     'LazyData' is specified without a 'data' directory
Flavors: r-devel-linux-x86_64-debian-clang, r-devel-linux-x86_64-debian-gcc, r-devel-linux-x86_64-fedora-clang, r-devel-linux-x86_64-fedora-gcc, r-devel-windows-x86_64, r-patched-linux-x86_64, r-release-linux-x86_64, r-release-macos-arm64, r-release-macos-x86_64, r-release-windows-x86_64, r-oldrel-macos-arm64, r-oldrel-macos-x86_64, r-oldrel-windows-ix86+x86_64