CRAN Package Check Results for Package DatastreamDSWS2R

Last updated on 2022-05-27 13:51:44 CEST.

Flavor Version Tinstall Tcheck Ttotal Status Flags
r-devel-linux-x86_64-debian-clang 1.8.2 14.39 72.11 86.50 OK
r-devel-linux-x86_64-debian-gcc 1.8.2 10.58 53.59 64.17 OK
r-devel-linux-x86_64-fedora-clang 1.8.2 105.95 NOTE
r-devel-linux-x86_64-fedora-gcc 1.8.2 103.02 NOTE
r-devel-windows-x86_64 1.8.2 116.00 86.00 202.00 OK
r-patched-linux-x86_64 1.8.2 13.67 67.03 80.70 OK
r-release-linux-x86_64 1.8.2 13.38 67.65 81.03 OK
r-release-macos-arm64 1.8.2 26.00 NOTE
r-release-macos-x86_64 1.8.2 54.00 NOTE
r-release-windows-x86_64 1.8.2 100.00 89.00 189.00 OK
r-oldrel-macos-arm64 1.8.2 28.00 NOTE
r-oldrel-macos-x86_64 1.8.2 38.00 NOTE
r-oldrel-windows-ix86+x86_64 1.8.2 30.00 82.00 112.00 OK

Check Details

Version: 1.8.2
Check: data for non-ASCII characters
Result: NOTE
     Note: found 8 marked Latin-1 strings
Flavors: r-devel-linux-x86_64-fedora-clang, r-devel-linux-x86_64-fedora-gcc, r-release-macos-arm64, r-release-macos-x86_64, r-oldrel-macos-arm64, r-oldrel-macos-x86_64