Last updated on 2022-05-20 02:52:54 CEST.
Flavor | Version | Tinstall | Tcheck | Ttotal | Status | Flags |
---|---|---|---|---|---|---|
r-devel-linux-x86_64-debian-clang | 0.1.3 | 7.34 | 131.21 | 138.55 | NOTE | |
r-devel-linux-x86_64-debian-gcc | 0.1.3 | 4.50 | 97.89 | 102.39 | NOTE | |
r-devel-linux-x86_64-fedora-clang | 0.1.3 | 161.42 | NOTE | |||
r-devel-linux-x86_64-fedora-gcc | 0.1.3 | 159.25 | NOTE | |||
r-devel-windows-x86_64 | 0.1.3 | 24.00 | 147.00 | 171.00 | NOTE | |
r-patched-linux-x86_64 | 0.1.3 | 6.54 | 121.42 | 127.96 | OK | |
r-release-linux-x86_64 | 0.1.3 | 6.88 | 121.48 | 128.36 | OK | |
r-release-macos-arm64 | 0.1.3 | 56.00 | OK | |||
r-release-macos-x86_64 | 0.1.3 | 101.00 | OK | |||
r-release-windows-x86_64 | 0.1.3 | 23.00 | 149.00 | 172.00 | OK | |
r-oldrel-macos-arm64 | 0.1.3 | 69.00 | OK | |||
r-oldrel-macos-x86_64 | 0.1.3 | 110.00 | OK | |||
r-oldrel-windows-ix86+x86_64 | 0.1.3 | 16.00 | 145.00 | 161.00 | OK |
Version: 0.1.3
Check: Rd files
Result: NOTE
checkRd: (7) dendro.varcov.Rd:41: \item in \value must have non-empty label
Flavors: r-devel-linux-x86_64-debian-clang, r-devel-linux-x86_64-debian-gcc, r-devel-linux-x86_64-fedora-clang, r-devel-linux-x86_64-fedora-gcc, r-devel-windows-x86_64