Last updated on 2022-05-27 03:54:44 CEST.
Flavor | Version | Tinstall | Tcheck | Ttotal | Status | Flags |
---|---|---|---|---|---|---|
r-devel-linux-x86_64-debian-clang | 0.0.5 | 35.33 | 37.88 | 73.21 | OK | |
r-devel-linux-x86_64-debian-gcc | 0.0.5 | 27.56 | 30.71 | 58.27 | OK | |
r-devel-linux-x86_64-fedora-clang | 0.0.5 | 107.73 | NOTE | |||
r-devel-linux-x86_64-fedora-gcc | 0.0.5 | 91.38 | OK | |||
r-devel-windows-x86_64 | 0.0.5 | 29.00 | 74.00 | 103.00 | OK | |
r-patched-linux-x86_64 | 0.0.5 | 34.44 | 39.05 | 73.49 | OK | |
r-release-linux-x86_64 | 0.0.5 | 33.19 | 38.94 | 72.13 | OK | |
r-release-macos-arm64 | 0.0.5 | 33.00 | NOTE | |||
r-release-macos-x86_64 | 0.0.5 | 37.00 | NOTE | |||
r-release-windows-x86_64 | 0.0.5 | 32.00 | 76.00 | 108.00 | OK | |
r-oldrel-macos-arm64 | 0.0.5 | 36.00 | NOTE | |||
r-oldrel-macos-x86_64 | 0.0.5 | 51.00 | NOTE | |||
r-oldrel-windows-ix86+x86_64 | 0.0.5 | 76.00 | 73.00 | 149.00 | OK |
Version: 0.0.5
Check: installed package size
Result: NOTE
installed size is 10.0Mb
sub-directories of 1Mb or more:
libs 9.9Mb
Flavors: r-devel-linux-x86_64-fedora-clang, r-release-macos-arm64, r-release-macos-x86_64, r-oldrel-macos-arm64, r-oldrel-macos-x86_64