CRAN Package Check Results for Package DirectEffects

Last updated on 2022-05-17 09:52:31 CEST.

Flavor Version Tinstall Tcheck Ttotal Status Flags
r-devel-linux-x86_64-debian-clang 0.2.1 2.37 58.02 60.39 OK
r-devel-linux-x86_64-debian-gcc 0.2.1 2.13 44.26 46.39 OK
r-devel-linux-x86_64-fedora-clang 0.2.1 73.33 NOTE
r-devel-linux-x86_64-fedora-gcc 0.2.1 71.81 NOTE
r-devel-windows-x86_64 0.2.1 38.00 80.00 118.00 OK
r-patched-linux-x86_64 0.2.1 2.37 56.33 58.70 OK
r-release-linux-x86_64 0.2.1 2.97 57.02 59.99 OK
r-release-macos-arm64 0.2.1 22.00 NOTE
r-release-macos-x86_64 0.2.1 32.00 NOTE
r-release-windows-x86_64 0.2.1 30.00 80.00 110.00 OK
r-oldrel-macos-arm64 0.2.1 24.00 NOTE
r-oldrel-macos-x86_64 0.2.1 46.00 NOTE
r-oldrel-windows-ix86+x86_64 0.2.1 10.00 72.00 82.00 OK

Check Details

Version: 0.2.1
Check: dependencies in R code
Result: NOTE
    Namespace in Imports field not imported from: ‘sandwich’
     All declared Imports should be used.
Flavors: r-devel-linux-x86_64-fedora-clang, r-devel-linux-x86_64-fedora-gcc, r-release-macos-arm64, r-release-macos-x86_64, r-oldrel-macos-arm64, r-oldrel-macos-x86_64