Last updated on 2022-05-22 17:50:40 CEST.
Flavor | Version | Tinstall | Tcheck | Ttotal | Status | Flags |
---|---|---|---|---|---|---|
r-devel-linux-x86_64-debian-clang | 2020.1.6 | 39.60 | 64.06 | 103.66 | OK | |
r-devel-linux-x86_64-debian-gcc | 2020.1.6 | 39.53 | 48.29 | 87.82 | OK | |
r-devel-linux-x86_64-fedora-clang | 2020.1.6 | 140.52 | OK | |||
r-devel-linux-x86_64-fedora-gcc | 2020.1.6 | 138.15 | OK | |||
r-devel-windows-x86_64 | 2020.1.6 | 59.00 | 109.00 | 168.00 | OK | |
r-patched-linux-x86_64 | 2020.1.6 | 40.60 | 61.55 | 102.15 | OK | |
r-release-linux-x86_64 | 2020.1.6 | 37.36 | 60.95 | 98.31 | OK | |
r-release-macos-arm64 | 2020.1.6 | 41.00 | NOTE | |||
r-release-macos-x86_64 | 2020.1.6 | 51.00 | NOTE | |||
r-release-windows-x86_64 | 2020.1.6 | 61.00 | 107.00 | 168.00 | OK | |
r-oldrel-macos-arm64 | 2020.1.6 | 48.00 | NOTE | |||
r-oldrel-macos-x86_64 | 2020.1.6 | 72.00 | NOTE | |||
r-oldrel-windows-ix86+x86_64 | 2020.1.6 | 95.00 | 112.00 | 207.00 | OK |
Version: 2020.1.6
Check: installed package size
Result: NOTE
installed size is 5.3Mb
sub-directories of 1Mb or more:
libs 5.1Mb
Flavors: r-release-macos-arm64, r-release-macos-x86_64, r-oldrel-macos-arm64, r-oldrel-macos-x86_64