CRAN Package Check Results for Package DysPIA

Last updated on 2022-05-18 07:48:56 CEST.

Flavor Version Tinstall Tcheck Ttotal Status Flags
r-devel-linux-x86_64-debian-clang 1.3 25.86 59.82 85.68 OK
r-devel-linux-x86_64-debian-gcc 1.3 18.58 45.67 64.25 OK
r-devel-linux-x86_64-fedora-clang 1.3 116.45 OK
r-devel-linux-x86_64-fedora-gcc 1.3 105.52 OK
r-devel-windows-x86_64 1.3 48.00 95.00 143.00 NOTE
r-patched-linux-x86_64 1.3 19.05 56.58 75.63 OK
r-release-linux-x86_64 1.3 23.14 56.62 79.76 OK
r-release-macos-arm64 1.3 34.00 NOTE
r-release-macos-x86_64 1.3 43.00 NOTE
r-release-windows-x86_64 1.3 36.00 98.00 134.00 NOTE
r-oldrel-macos-arm64 1.3 41.00 NOTE
r-oldrel-macos-x86_64 1.3 55.00 NOTE
r-oldrel-windows-ix86+x86_64 1.3 56.00 113.00 169.00 NOTE

Check Details

Version: 1.3
Check: installed package size
Result: NOTE
     installed size is 5.1Mb
     sub-directories of 1Mb or more:
     data 3.9Mb
     libs 1.0Mb
Flavors: r-devel-windows-x86_64, r-release-macos-arm64, r-release-macos-x86_64, r-release-windows-x86_64, r-oldrel-macos-arm64, r-oldrel-macos-x86_64, r-oldrel-windows-ix86+x86_64