CRAN Package Check Results for Package DysPIAData

Last updated on 2022-06-29 01:50:20 CEST.

Flavor Version Tinstall Tcheck Ttotal Status Flags
r-devel-linux-x86_64-debian-clang 0.1.2 2.02 32.90 34.92 OK
r-devel-linux-x86_64-debian-gcc 0.1.2 1.74 26.29 28.03 OK
r-devel-linux-x86_64-fedora-clang 0.1.2 53.77 NOTE
r-devel-linux-x86_64-fedora-gcc 0.1.2 52.12 NOTE
r-devel-windows-x86_64 0.1.2 13.00 56.00 69.00 OK
r-patched-linux-x86_64 0.1.2 2.05 32.53 34.58 OK
r-release-linux-x86_64 0.1.2 1.66 31.78 33.44 OK
r-release-macos-arm64 0.1.2 19.00 NOTE
r-release-macos-x86_64 0.1.2 25.00 NOTE
r-release-windows-x86_64 0.1.2 7.00 55.00 62.00 OK
r-oldrel-macos-arm64 0.1.2 20.00 NOTE
r-oldrel-macos-x86_64 0.1.2 33.00 NOTE
r-oldrel-windows-ix86+x86_64 0.1.2 5.00 45.00 50.00 OK

Check Details

Version: 0.1.2
Check: data for non-ASCII characters
Result: NOTE
     Note: found 9 marked UTF-8 strings
Flavors: r-devel-linux-x86_64-fedora-clang, r-devel-linux-x86_64-fedora-gcc, r-release-macos-arm64, r-release-macos-x86_64, r-oldrel-macos-arm64, r-oldrel-macos-x86_64