Last updated on 2022-05-17 10:49:45 CEST.
Flavor | Version | Tinstall | Tcheck | Ttotal | Status | Flags |
---|---|---|---|---|---|---|
r-devel-linux-x86_64-debian-clang | 0.2.0 | 21.29 | 230.76 | 252.05 | NOTE | |
r-devel-linux-x86_64-debian-gcc | 0.2.0 | 16.25 | 169.07 | 185.32 | NOTE | |
r-devel-linux-x86_64-fedora-clang | 0.2.0 | 296.22 | NOTE | |||
r-devel-linux-x86_64-fedora-gcc | 0.2.0 | 288.52 | NOTE | |||
r-devel-windows-x86_64 | 0.2.0 | 31.00 | 260.00 | 291.00 | NOTE | |
r-patched-linux-x86_64 | 0.2.0 | 20.71 | 214.54 | 235.25 | NOTE | |
r-release-linux-x86_64 | 0.2.0 | 18.71 | 217.26 | 235.97 | NOTE | |
r-release-macos-arm64 | 0.2.0 | 83.00 | NOTE | |||
r-release-macos-x86_64 | 0.2.0 | 131.00 | NOTE | |||
r-release-windows-x86_64 | 0.2.0 | 27.00 | 246.00 | 273.00 | NOTE | |
r-oldrel-macos-arm64 | 0.2.0 | 107.00 | NOTE | |||
r-oldrel-macos-x86_64 | 0.2.0 | 150.00 | NOTE | |||
r-oldrel-windows-ix86+x86_64 | 0.2.0 | 49.00 | 242.00 | 291.00 | NOTE |
Version: 0.2.0
Check: LazyData
Result: NOTE
'LazyData' is specified without a 'data' directory
Flavors: r-devel-linux-x86_64-debian-clang, r-devel-linux-x86_64-debian-gcc, r-devel-linux-x86_64-fedora-clang, r-devel-linux-x86_64-fedora-gcc, r-devel-windows-x86_64, r-patched-linux-x86_64, r-release-linux-x86_64, r-release-macos-arm64, r-release-macos-x86_64, r-release-windows-x86_64, r-oldrel-macos-arm64, r-oldrel-macos-x86_64, r-oldrel-windows-ix86+x86_64