CRAN Package Check Results for Package ETLUtils

Last updated on 2022-05-16 21:50:19 CEST.

Flavor Version Tinstall Tcheck Ttotal Status Flags
r-devel-linux-x86_64-debian-clang 1.5 3.83 39.15 42.98 OK
r-devel-linux-x86_64-debian-gcc 1.5 2.19 30.62 32.81 OK
r-devel-linux-x86_64-fedora-clang 1.5 51.38 OK
r-devel-linux-x86_64-fedora-gcc 1.5 51.47 OK
r-devel-windows-x86_64 1.5 21.00 58.00 79.00 OK
r-patched-linux-x86_64 1.5 3.27 37.68 40.95 OK
r-release-linux-x86_64 1.5 3.15 37.45 40.60 OK
r-release-macos-arm64 1.5 17.00 OK
r-release-macos-x86_64 1.5 24.00 OK
r-release-windows-x86_64 1.5 20.00 57.00 77.00 OK
r-oldrel-macos-arm64 1.5 26.00 NOTE
r-oldrel-macos-x86_64 1.5 30.00 OK
r-oldrel-windows-ix86+x86_64 1.5 8.00 53.00 61.00 OK

Check Details

Version: 1.5
Check: package dependencies
Result: NOTE
    Package suggested but not available for checking: ‘RODBC’
Flavor: r-oldrel-macos-arm64

Version: 1.5
Check: Rd cross-references
Result: NOTE
    Package unavailable to check Rd xrefs: ‘RODBC’
Flavor: r-oldrel-macos-arm64