Last updated on 2022-05-17 07:53:04 CEST.
Flavor | Version | Tinstall | Tcheck | Ttotal | Status | Flags |
---|---|---|---|---|---|---|
r-devel-linux-x86_64-debian-clang | 1.8 | 8.42 | 80.37 | 88.79 | NOTE | |
r-devel-linux-x86_64-debian-gcc | 1.8 | 5.07 | 60.87 | 65.94 | NOTE | |
r-devel-linux-x86_64-fedora-clang | 1.8 | 103.30 | NOTE | |||
r-devel-linux-x86_64-fedora-gcc | 1.8 | 101.13 | NOTE | |||
r-devel-windows-x86_64 | 1.8 | 15.00 | 90.00 | 105.00 | OK | |
r-patched-linux-x86_64 | 1.8 | 6.66 | 75.72 | 82.38 | NOTE | |
r-release-linux-x86_64 | 1.8 | 6.66 | 76.81 | 83.47 | NOTE | |
r-release-macos-arm64 | 1.8 | 31.00 | OK | |||
r-release-macos-x86_64 | 1.8 | 53.00 | OK | |||
r-release-windows-x86_64 | 1.8 | 15.00 | 92.00 | 107.00 | OK | |
r-oldrel-macos-arm64 | 1.8 | 30.00 | OK | |||
r-oldrel-macos-x86_64 | 1.8 | 46.00 | OK | |||
r-oldrel-windows-ix86+x86_64 | 1.8 | 15.00 | 87.00 | 102.00 | OK |
Version: 1.8
Check: package dependencies
Result: NOTE
Package suggested but not available for checking: 'geoR'
Flavors: r-devel-linux-x86_64-debian-clang, r-devel-linux-x86_64-debian-gcc, r-devel-linux-x86_64-fedora-clang, r-devel-linux-x86_64-fedora-gcc, r-patched-linux-x86_64, r-release-linux-x86_64
Version: 1.8
Check: Rd cross-references
Result: NOTE
Unknown package 'geoR' in Rd xrefs
Flavors: r-devel-linux-x86_64-debian-clang, r-devel-linux-x86_64-debian-gcc, r-devel-linux-x86_64-fedora-clang, r-devel-linux-x86_64-fedora-gcc, r-patched-linux-x86_64, r-release-linux-x86_64