Last updated on 2023-05-30 14:56:44 CEST.
Flavor | Version | Tinstall | Tcheck | Ttotal | Status | Flags |
---|---|---|---|---|---|---|
r-devel-linux-x86_64-debian-clang | 0.29.4 | 33.77 | 110.85 | 144.62 | OK | |
r-devel-linux-x86_64-debian-gcc | 0.29.4 | 26.53 | 96.55 | 123.08 | OK | |
r-devel-linux-x86_64-fedora-clang | 0.29.4 | 193.38 | NOTE | |||
r-devel-linux-x86_64-fedora-gcc | 0.29.4 | 208.90 | OK | |||
r-devel-windows-x86_64 | 0.29.4 | 27.00 | 146.00 | 173.00 | NOTE | |
r-patched-linux-x86_64 | 0.29.4 | 28.33 | 108.38 | 136.71 | OK | |
r-release-linux-x86_64 | 0.29.4 | 30.66 | 107.29 | 137.95 | OK | |
r-release-macos-arm64 | 0.29.4 | 79.00 | OK | |||
r-release-macos-x86_64 | 0.29.4 | 129.00 | OK | |||
r-release-windows-x86_64 | 0.29.4 | 37.00 | 163.00 | 200.00 | NOTE | |
r-oldrel-macos-arm64 | 0.29.4 | 74.00 | OK | |||
r-oldrel-macos-x86_64 | 0.29.4 | 86.00 | OK | |||
r-oldrel-windows-x86_64 | 0.29.4 | 35.00 | 157.00 | 192.00 | OK |
Version: 0.29.4
Check: Rd cross-references
Result: NOTE
Undeclared package ‘EloRating’ in Rd xrefs
Flavor: r-devel-linux-x86_64-fedora-clang
Version: 0.29.4
Check: C++ specification
Result: NOTE
Specified C++11: please drop specification unless essential
Flavors: r-devel-windows-x86_64, r-release-windows-x86_64