Last updated on 2023-01-31 16:54:40 CET.
Flavor | Version | Tinstall | Tcheck | Ttotal | Status | Flags |
---|---|---|---|---|---|---|
r-devel-linux-x86_64-debian-clang | 1.0.4 | 362.50 | 44.21 | 406.71 | NOTE | |
r-devel-linux-x86_64-debian-gcc | 1.0.4 | 287.31 | 34.06 | 321.37 | NOTE | |
r-devel-linux-x86_64-fedora-clang | 1.0.4 | 732.79 | NOTE | |||
r-devel-linux-x86_64-fedora-gcc | 1.0.4 | 538.03 | NOTE | |||
r-devel-windows-x86_64 | 1.0.4 | 307.00 | 8.00 | 315.00 | ERROR | |
r-patched-linux-x86_64 | 1.0.4 | 300.74 | 41.91 | 342.65 | OK | |
r-release-linux-x86_64 | 1.0.4 | 311.04 | 42.58 | 353.62 | OK | |
r-release-macos-arm64 | 1.0.4 | 135.00 | NOTE | |||
r-release-macos-x86_64 | 1.0.4 | 176.00 | NOTE | |||
r-release-windows-x86_64 | 1.0.4 | 312.00 | 107.00 | 419.00 | OK | |
r-oldrel-macos-arm64 | 1.0.4 | 130.00 | NOTE | |||
r-oldrel-macos-x86_64 | 1.0.4 | 175.00 | NOTE | |||
r-oldrel-windows-ix86+x86_64 | 1.0.4 | 894.00 | 102.00 | 996.00 | OK |
Version: 1.0.4
Check: C++ specification
Result: NOTE
Specified C++11: please update to current default of C++17
Flavors: r-devel-linux-x86_64-debian-clang, r-devel-linux-x86_64-debian-gcc, r-devel-linux-x86_64-fedora-clang, r-devel-linux-x86_64-fedora-gcc
Version: 1.0.4
Check: whether package can be installed
Result: ERROR
Installation failed.
Flavor: r-devel-windows-x86_64
Version: 1.0.4
Check: installed package size
Result: NOTE
installed size is 9.4Mb
sub-directories of 1Mb or more:
libs 9.0Mb
Flavors: r-release-macos-arm64, r-release-macos-x86_64, r-oldrel-macos-arm64, r-oldrel-macos-x86_64