Last updated on 2023-02-05 16:52:39 CET.
Flavor | Version | Tinstall | Tcheck | Ttotal | Status | Flags |
---|---|---|---|---|---|---|
r-devel-linux-x86_64-debian-clang | 1.0.7 | 41.09 | 42.82 | 83.91 | NOTE | |
r-devel-linux-x86_64-debian-gcc | 1.0.7 | 30.40 | 32.35 | 62.75 | NOTE | |
r-devel-linux-x86_64-fedora-clang | 1.0.7 | 121.65 | NOTE | |||
r-devel-linux-x86_64-fedora-gcc | 1.0.7 | 119.41 | NOTE | |||
r-devel-windows-x86_64 | 1.0.7 | 46.00 | 91.00 | 137.00 | NOTE | |
r-patched-linux-x86_64 | 1.0.7 | 33.87 | 43.12 | 76.99 | OK | |
r-release-linux-x86_64 | 1.0.7 | 31.78 | 43.70 | 75.48 | OK | |
r-release-macos-arm64 | 1.0.7 | 28.00 | OK | |||
r-release-macos-x86_64 | 1.0.7 | 45.00 | OK | |||
r-release-windows-x86_64 | 1.0.7 | 42.00 | 99.00 | 141.00 | OK | |
r-oldrel-macos-arm64 | 1.0.7 | 32.00 | OK | |||
r-oldrel-macos-x86_64 | 1.0.7 | 46.00 | OK | |||
r-oldrel-windows-ix86+x86_64 | 1.0.7 | 101.00 | 99.00 | 200.00 | OK |
Version: 1.0.7
Check: C++ specification
Result: NOTE
Specified C++11: please update to current default of C++17
Flavors: r-devel-linux-x86_64-debian-clang, r-devel-linux-x86_64-debian-gcc, r-devel-linux-x86_64-fedora-clang, r-devel-linux-x86_64-fedora-gcc, r-devel-windows-x86_64