CRAN Package Check Results for Package EpiLPS

Last updated on 2024-03-01 06:52:40 CET.

Flavor Version Tinstall Tcheck Ttotal Status Flags
r-devel-linux-x86_64-debian-clang 1.2.0 114.75 179.09 293.84 NOTE
r-devel-linux-x86_64-debian-gcc 1.2.0 92.65 141.40 234.05 NOTE
r-devel-linux-x86_64-fedora-clang 1.2.0 404.25 NOTE
r-devel-linux-x86_64-fedora-gcc 1.2.0 440.56 NOTE
r-devel-windows-x86_64 1.2.0 88.00 175.00 263.00 OK
r-patched-linux-x86_64 1.2.0 115.73 180.80 296.53 OK
r-release-linux-x86_64 1.2.0 102.58 180.74 283.32 OK
r-release-macos-arm64 1.2.0 107.00 OK
r-release-macos-x86_64 1.2.0 184.00 OK
r-release-windows-x86_64 1.2.0 114.00 223.00 337.00 OK
r-oldrel-macos-arm64 1.2.0 95.00 OK
r-oldrel-windows-x86_64 1.2.0 110.00 214.00 324.00 OK

Check Details

Version: 1.2.0
Check: Rd files
Result: NOTE checkRd: (-1) estimR.Rd:37: Lost braces in \itemize; \value handles \item{}{} directly checkRd: (-1) estimR.Rd:38: Lost braces in \itemize; \value handles \item{}{} directly checkRd: (-1) estimR.Rd:39-40: Lost braces in \itemize; \value handles \item{}{} directly checkRd: (-1) estimR.Rd:41: Lost braces in \itemize; \value handles \item{}{} directly checkRd: (-1) estimR.Rd:42-44: Lost braces in \itemize; \value handles \item{}{} directly checkRd: (-1) estimR.Rd:45-46: Lost braces in \itemize; \value handles \item{}{} directly checkRd: (-1) estimR.Rd:47-48: Lost braces in \itemize; \value handles \item{}{} directly checkRd: (-1) estimR.Rd:49-50: Lost braces in \itemize; \value handles \item{}{} directly checkRd: (-1) estimR.Rd:51-52: Lost braces in \itemize; \value handles \item{}{} directly checkRd: (-1) estimR.Rd:53: Lost braces in \itemize; \value handles \item{}{} directly checkRd: (-1) estimR.Rd:54: Lost braces in \itemize; \value handles \item{}{} directly checkRd: (-1) estimR.Rd:55-56: Lost braces in \itemize; \value handles \item{}{} directly checkRd: (-1) estimR.Rd:57-58: Lost braces in \itemize; \value handles \item{}{} directly checkRd: (-1) estimR.Rd:59: Lost braces in \itemize; \value handles \item{}{} directly checkRd: (-1) estimR.Rd:60-61: Lost braces in \itemize; \value handles \item{}{} directly checkRd: (-1) estimRmcmc.Rd:37: Lost braces in \itemize; \value handles \item{}{} directly checkRd: (-1) estimRmcmc.Rd:38: Lost braces in \itemize; \value handles \item{}{} directly checkRd: (-1) estimRmcmc.Rd:39-40: Lost braces in \itemize; \value handles \item{}{} directly checkRd: (-1) estimRmcmc.Rd:41: Lost braces in \itemize; \value handles \item{}{} directly checkRd: (-1) estimRmcmc.Rd:42-44: Lost braces in \itemize; \value handles \item{}{} directly checkRd: (-1) estimRmcmc.Rd:45-46: Lost braces in \itemize; \value handles \item{}{} directly checkRd: (-1) estimRmcmc.Rd:47-48: Lost braces in \itemize; \value handles \item{}{} directly checkRd: (-1) estimRmcmc.Rd:49-50: Lost braces in \itemize; \value handles \item{}{} directly checkRd: (-1) estimRmcmc.Rd:51: Lost braces in \itemize; \value handles \item{}{} directly checkRd: (-1) estimRmcmc.Rd:52: Lost braces in \itemize; \value handles \item{}{} directly checkRd: (-1) estimRmcmc.Rd:53-54: Lost braces in \itemize; \value handles \item{}{} directly checkRd: (-1) estimRmcmc.Rd:55-56: Lost braces in \itemize; \value handles \item{}{} directly checkRd: (-1) estimRmcmc.Rd:57: Lost braces in \itemize; \value handles \item{}{} directly checkRd: (-1) estimRmcmc.Rd:58-59: Lost braces in \itemize; \value handles \item{}{} directly checkRd: (-1) estimRmcmc.Rd:60: Lost braces in \itemize; \value handles \item{}{} directly checkRd: (-1) estimRmcmc.Rd:61: Lost braces in \itemize; \value handles \item{}{} directly checkRd: (-1) perfRestim.Rd:37: Lost braces in \itemize; \value handles \item{}{} directly checkRd: (-1) perfRestim.Rd:38-39: Lost braces in \itemize; \value handles \item{}{} directly checkRd: (-1) perfRestim.Rd:40: Lost braces in \itemize; \value handles \item{}{} directly checkRd: (-1) perfRestim.Rd:41: Lost braces in \itemize; \value handles \item{}{} directly checkRd: (-1) perfRestim.Rd:42: Lost braces in \itemize; \value handles \item{}{} directly Flavors: r-devel-linux-x86_64-debian-clang, r-devel-linux-x86_64-debian-gcc, r-devel-linux-x86_64-fedora-clang, r-devel-linux-x86_64-fedora-gcc